{"id":981,"date":"2021-02-28T20:25:37","date_gmt":"2021-02-28T20:25:37","guid":{"rendered":"https:\/\/kz-gedenkstaette-hailfingen-tailfingen.de\/?page_id=981"},"modified":"2021-06-11T15:20:34","modified_gmt":"2021-06-11T15:20:34","slug":"ebershaldenfriedhof-esslingen","status":"publish","type":"page","link":"https:\/\/kz-gedenkstaette-hailfingen-tailfingen.de\/index.php\/ebershaldenfriedhof-esslingen\/","title":{"rendered":"Ebershaldenfriedhof Esslingen \u2013 Grab von 15 der KZ-H\u00e4ftlinge"},"content":{"rendered":"\n<div class=\"wp-block-image\"><figure class=\"aligncenter size-large\"><img loading=\"lazy\" width=\"600\" height=\"600\" src=\"https:\/\/kz-gedenkstaette-hailfingen-tailfingen.de\/wp-content\/uploads\/2021\/02\/vlcsnap-2021-01-23-20h55m16s77-b-m.jpg\" alt=\"\" class=\"wp-image-983\" srcset=\"https:\/\/kz-gedenkstaette-hailfingen-tailfingen.de\/wp-content\/uploads\/2021\/02\/vlcsnap-2021-01-23-20h55m16s77-b-m.jpg 600w, https:\/\/kz-gedenkstaette-hailfingen-tailfingen.de\/wp-content\/uploads\/2021\/02\/vlcsnap-2021-01-23-20h55m16s77-b-m-300x300.jpg 300w, https:\/\/kz-gedenkstaette-hailfingen-tailfingen.de\/wp-content\/uploads\/2021\/02\/vlcsnap-2021-01-23-20h55m16s77-b-m-150x150.jpg 150w\" sizes=\"(max-width: 600px) 100vw, 600px\" \/><figcaption>Das Sammelgrab auf dem Eberswaldenfriedhof Esslingen \u2013 Foto: J. Kuhn<\/figcaption><\/figure><\/div>\n\n\n\n<p>Bereits seit 1946 wurde, wenn auch anonym, immerhin ungew\u00f6hnlich fr\u00fch an die j\u00fcdischen Opfer, deren Asche auf dem Esslinger Ebershaldenfriedhof liegt, erinnert. Es handelt sich um 34 KZ-H\u00e4ftlinge, 19 Opfer des Au\u00dfenlagers Echterdingen und 15 Opfer des Au\u00dfenlagers Hailfingen-Tailfingen, die am 18.7.2013 endlich aus der Anonymit\u00e4t geholt wurden, als das Grab  durch neue Grabplatten mit Namen und Lebensdaten vervollst\u00e4ndigt und eingeweiht wurde. Der schlichte Entwurf und die akkurate Ausarbeitung ist der Fellbacher K\u00fcnstlerin Rotraud Hofmann zu verdanken.<\/p>\n\n\n\n<div class=\"wp-block-image\"><figure class=\"aligncenter size-large\"><img loading=\"lazy\" width=\"600\" height=\"600\" src=\"https:\/\/kz-gedenkstaette-hailfingen-tailfingen.de\/wp-content\/uploads\/2021\/02\/kzht.v.ve_grabesslingen_c-m.jpg\" alt=\"\" class=\"wp-image-984\" srcset=\"https:\/\/kz-gedenkstaette-hailfingen-tailfingen.de\/wp-content\/uploads\/2021\/02\/kzht.v.ve_grabesslingen_c-m.jpg 600w, https:\/\/kz-gedenkstaette-hailfingen-tailfingen.de\/wp-content\/uploads\/2021\/02\/kzht.v.ve_grabesslingen_c-m-300x300.jpg 300w, https:\/\/kz-gedenkstaette-hailfingen-tailfingen.de\/wp-content\/uploads\/2021\/02\/kzht.v.ve_grabesslingen_c-m-150x150.jpg 150w\" sizes=\"(max-width: 600px) 100vw, 600px\" \/><figcaption>Samuel Soesan 1903\u20131944, Inschrift auf der Grabplatte \u2013 Foto: J. Kuhn<\/figcaption><\/figure><\/div>\n\n\n\n<p><br>Die Namen der \u201eEchterdinger\u201d H\u00e4ftlinge waren bereits bekannt gewesen, als die Kulturwissenschaftlerin Gudrun Silberzahn-Jandt 2007 auf ein Dokument stie\u00df, mithilfe dessen Volker Mall und Harald Roth die 15 fehlenden Namen herausfinden konnten. Es handelt sich um H\u00e4ftlinge, die zwischen dem 4. und 9. Dezember 1944 starben. <\/p>\n\n\n\n<div class=\"wp-block-image\"><figure class=\"aligncenter size-large\"><img loading=\"lazy\" width=\"600\" height=\"600\" src=\"https:\/\/kz-gedenkstaette-hailfingen-tailfingen.de\/wp-content\/uploads\/2021\/02\/kzht.v.ve_grabesslingen_b-m-1.jpg\" alt=\"\" class=\"wp-image-986\" srcset=\"https:\/\/kz-gedenkstaette-hailfingen-tailfingen.de\/wp-content\/uploads\/2021\/02\/kzht.v.ve_grabesslingen_b-m-1.jpg 600w, https:\/\/kz-gedenkstaette-hailfingen-tailfingen.de\/wp-content\/uploads\/2021\/02\/kzht.v.ve_grabesslingen_b-m-1-300x300.jpg 300w, https:\/\/kz-gedenkstaette-hailfingen-tailfingen.de\/wp-content\/uploads\/2021\/02\/kzht.v.ve_grabesslingen_b-m-1-150x150.jpg 150w\" sizes=\"(max-width: 600px) 100vw, 600px\" \/><figcaption>Berry Soesan am Grab seines Vaters, 2013 \u2013 Foto: J. Kuhn<\/figcaption><\/figure><\/div>\n\n\n\n<p>Erfolg hatten die Experten des KZ-Au\u00dfenlagers Hailfingen-Tailfingen auch bei der anschlie\u00dfenden Suche nach Angeh\u00f6rigen der Verstorbenen: Berry Soesan (ausgesprochen: Susan), der Sohn von Samuel Soesan, konnte \u00fcber 60 Jahre nach dem Tod seines Vaters benachrichtigt werden, wo sich dessen letzte Ruhest\u00e4tte befindet. Damit bekam er endlich die Information, nach der seine Mutter bis zu ihrem Tod vergeblich gesucht hatte. Mitte 2010 reiste der Niederl\u00e4nder zur Er\u00f6ffnung der Gedenkst\u00e4tte Hailfingen-Tailfingen und konnte bei einem Besuch in Esslingen \u00fcberzeugen, dass es auf Gr\u00e4bern nicht nur \u00fcblich, sondern auch wichtig ist, die Namen der Verstorbenen zu nennen. Drei Jahre sp\u00e4ter nahm der einzige Angeh\u00f6rige, der bislang ausfindig gemacht werden konnte, in Begleitung seines Freunds Albert Andringa an der Anweihungszeremonie teil. <\/p>\n\n\n\n<div class=\"wp-block-image\"><figure class=\"aligncenter size-large\"><img loading=\"lazy\" width=\"600\" height=\"600\" src=\"https:\/\/kz-gedenkstaette-hailfingen-tailfingen.de\/wp-content\/uploads\/2021\/02\/kzht.v.ve_grabesslingen_f-m.jpg\" alt=\"\" class=\"wp-image-987\" srcset=\"https:\/\/kz-gedenkstaette-hailfingen-tailfingen.de\/wp-content\/uploads\/2021\/02\/kzht.v.ve_grabesslingen_f-m.jpg 600w, https:\/\/kz-gedenkstaette-hailfingen-tailfingen.de\/wp-content\/uploads\/2021\/02\/kzht.v.ve_grabesslingen_f-m-300x300.jpg 300w, https:\/\/kz-gedenkstaette-hailfingen-tailfingen.de\/wp-content\/uploads\/2021\/02\/kzht.v.ve_grabesslingen_f-m-150x150.jpg 150w\" sizes=\"(max-width: 600px) 100vw, 600px\" \/><figcaption>Samuel Soesan \u2013 Quelle: Berry Soesan<\/figcaption><\/figure><\/div>\n\n\n\n<p>Viel von seinem Vater hat Berry Soesan nicht mehr in Erinnerung, da dieser ihm im jungen Alter von vier Jahren genommen wurde. Der gelernte Diamantschleifer, der zuletzt in einer Eisenwarenhandlung angestellt war, habe einen guten Charakter gehabt und sich sehr gut um die Familie gek\u00fcmmert. Gerne habe er gelacht \u2013 eine Eigenschaft, die sein Sohn zweifelsohne mit ihm teilt.<\/p>\n","protected":false},"excerpt":{"rendered":"<p>Bereits seit 1946 wurde, wenn auch anonym, immerhin ungew\u00f6hnlich fr\u00fch an die j\u00fcdischen Opfer, deren Asche auf dem Esslinger Ebershaldenfriedhof liegt, erinnert. Es handelt sich um 34 KZ-H\u00e4ftlinge, 19 Opfer des Au\u00dfenlagers Echterdingen und 15 Opfer des Au\u00dfenlagers Hailfingen-Tailfingen, die am 18.7.2013 endlich aus der Anonymit\u00e4t geholt wurden, als das Grab durch neue Grabplatten mit [&hellip;]<\/p>\n","protected":false},"author":1,"featured_media":0,"parent":0,"menu_order":0,"comment_status":"closed","ping_status":"closed","template":"","meta":[],"_links":{"self":[{"href":"https:\/\/kz-gedenkstaette-hailfingen-tailfingen.de\/index.php\/wp-json\/wp\/v2\/pages\/981"}],"collection":[{"href":"https:\/\/kz-gedenkstaette-hailfingen-tailfingen.de\/index.php\/wp-json\/wp\/v2\/pages"}],"about":[{"href":"https:\/\/kz-gedenkstaette-hailfingen-tailfingen.de\/index.php\/wp-json\/wp\/v2\/types\/page"}],"author":[{"embeddable":true,"href":"https:\/\/kz-gedenkstaette-hailfingen-tailfingen.de\/index.php\/wp-json\/wp\/v2\/users\/1"}],"replies":[{"embeddable":true,"href":"https:\/\/kz-gedenkstaette-hailfingen-tailfingen.de\/index.php\/wp-json\/wp\/v2\/comments?post=981"}],"version-history":[{"count":6,"href":"https:\/\/kz-gedenkstaette-hailfingen-tailfingen.de\/index.php\/wp-json\/wp\/v2\/pages\/981\/revisions"}],"predecessor-version":[{"id":1191,"href":"https:\/\/kz-gedenkstaette-hailfingen-tailfingen.de\/index.php\/wp-json\/wp\/v2\/pages\/981\/revisions\/1191"}],"wp:attachment":[{"href":"https:\/\/kz-gedenkstaette-hailfingen-tailfingen.de\/index.php\/wp-json\/wp\/v2\/media?parent=981"}],"curies":[{"name":"wp","href":"https:\/\/api.w.org\/{rel}","templated":true}]}}

Ebershaldenfriedhof Esslingen – Grab von 15 der KZ-Häftlinge

<div class="wp-block-image"><figure class="aligncenter size-large"><img loading="lazy" width="600" height="600" src="https://kz-gedenkstaette-hailfingen-tailfingen.de/wp-content/uploads/2021/02/vlcsnap-2021-01-23-20h55m16s77-b-m.jpg" alt="" class="wp-image-983" srcset="https://kz-gedenkstaette-hailfingen-tailfingen.de/wp-content/uploads/2021/02/vlcsnap-2021-01-23-20h55m16s77-b-m.jpg 600w, https://kz-gedenkstaette-hailfingen-tailfingen.de/wp-content/uploads/2021/02/vlcsnap-2021-01-23-20h55m16s77-b-m-300x300.jpg 300w, https://kz-gedenkstaette-hailfingen-tailfingen.de/wp-content/uploads/2021/02/vlcsnap-2021-01-23-20h55m16s77-b-m-150x150.jpg 150w" sizes="(max-width: 600px) 100vw, 600px" /><figcaption>Das Sammelgrab auf dem Eberswaldenfriedhof Esslingen – Foto: J. Kuhn</figcaption></figure></div>



<p>Bereits seit 1946 wurde, wenn auch anonym, immerhin ungewöhnlich früh an die jüdischen Opfer, deren Asche auf dem Esslinger Ebershaldenfriedhof liegt, erinnert. Es handelt sich um 34 KZ-Häftlinge, 19 Opfer des Außenlagers Echterdingen und 15 Opfer des Außenlagers Hailfingen-Tailfingen, die am 18.7.2013 endlich aus der Anonymität geholt wurden, als das Grab  durch neue Grabplatten mit Namen und Lebensdaten vervollständigt und eingeweiht wurde. Der schlichte Entwurf und die akkurate Ausarbeitung ist der Fellbacher Künstlerin Rotraud Hofmann zu verdanken.</p>



<div class="wp-block-image"><figure class="aligncenter size-large"><img loading="lazy" width="600" height="600" src="https://kz-gedenkstaette-hailfingen-tailfingen.de/wp-content/uploads/2021/02/kzht.v.ve_grabesslingen_c-m.jpg" alt="" class="wp-image-984" srcset="https://kz-gedenkstaette-hailfingen-tailfingen.de/wp-content/uploads/2021/02/kzht.v.ve_grabesslingen_c-m.jpg 600w, https://kz-gedenkstaette-hailfingen-tailfingen.de/wp-content/uploads/2021/02/kzht.v.ve_grabesslingen_c-m-300x300.jpg 300w, https://kz-gedenkstaette-hailfingen-tailfingen.de/wp-content/uploads/2021/02/kzht.v.ve_grabesslingen_c-m-150x150.jpg 150w" sizes="(max-width: 600px) 100vw, 600px" /><figcaption>Samuel Soesan 1903–1944, Inschrift auf der Grabplatte – Foto: J. Kuhn</figcaption></figure></div>



<p><br>Die Namen der „Echterdinger” Häftlinge waren bereits bekannt gewesen, als die Kulturwissenschaftlerin Gudrun Silberzahn-Jandt 2007 auf ein Dokument stieß, mithilfe dessen Volker Mall und Harald Roth die 15 fehlenden Namen herausfinden konnten. Es handelt sich um Häftlinge, die zwischen dem 4. und 9. Dezember 1944 starben. </p>



<div class="wp-block-image"><figure class="aligncenter size-large"><img loading="lazy" width="600" height="600" src="https://kz-gedenkstaette-hailfingen-tailfingen.de/wp-content/uploads/2021/02/kzht.v.ve_grabesslingen_b-m-1.jpg" alt="" class="wp-image-986" srcset="https://kz-gedenkstaette-hailfingen-tailfingen.de/wp-content/uploads/2021/02/kzht.v.ve_grabesslingen_b-m-1.jpg 600w, https://kz-gedenkstaette-hailfingen-tailfingen.de/wp-content/uploads/2021/02/kzht.v.ve_grabesslingen_b-m-1-300x300.jpg 300w, https://kz-gedenkstaette-hailfingen-tailfingen.de/wp-content/uploads/2021/02/kzht.v.ve_grabesslingen_b-m-1-150x150.jpg 150w" sizes="(max-width: 600px) 100vw, 600px" /><figcaption>Berry Soesan am Grab seines Vaters, 2013 – Foto: J. Kuhn</figcaption></figure></div>



<p>Erfolg hatten die Experten des KZ-Außenlagers Hailfingen-Tailfingen auch bei der anschließenden Suche nach Angehörigen der Verstorbenen: Berry Soesan (ausgesprochen: Susan), der Sohn von Samuel Soesan, konnte über 60 Jahre nach dem Tod seines Vaters benachrichtigt werden, wo sich dessen letzte Ruhestätte befindet. Damit bekam er endlich die Information, nach der seine Mutter bis zu ihrem Tod vergeblich gesucht hatte. Mitte 2010 reiste der Niederländer zur Eröffnung der Gedenkstätte Hailfingen-Tailfingen und konnte bei einem Besuch in Esslingen überzeugen, dass es auf Gräbern nicht nur üblich, sondern auch wichtig ist, die Namen der Verstorbenen zu nennen. Drei Jahre später nahm der einzige Angehörige, der bislang ausfindig gemacht werden konnte, in Begleitung seines Freunds Albert Andringa an der Anweihungszeremonie teil. </p>



<div class="wp-block-image"><figure class="aligncenter size-large"><img loading="lazy" width="600" height="600" src="https://kz-gedenkstaette-hailfingen-tailfingen.de/wp-content/uploads/2021/02/kzht.v.ve_grabesslingen_f-m.jpg" alt="" class="wp-image-987" srcset="https://kz-gedenkstaette-hailfingen-tailfingen.de/wp-content/uploads/2021/02/kzht.v.ve_grabesslingen_f-m.jpg 600w, https://kz-gedenkstaette-hailfingen-tailfingen.de/wp-content/uploads/2021/02/kzht.v.ve_grabesslingen_f-m-300x300.jpg 300w, https://kz-gedenkstaette-hailfingen-tailfingen.de/wp-content/uploads/2021/02/kzht.v.ve_grabesslingen_f-m-150x150.jpg 150w" sizes="(max-width: 600px) 100vw, 600px" /><figcaption>Samuel Soesan – Quelle: Berry Soesan</figcaption></figure></div>



<p>Viel von seinem Vater hat Berry Soesan nicht mehr in Erinnerung, da dieser ihm im jungen Alter von vier Jahren genommen wurde. Der gelernte Diamantschleifer, der zuletzt in einer Eisenwarenhandlung angestellt war, habe einen guten Charakter gehabt und sich sehr gut um die Familie gekümmert. Gerne habe er gelacht – eine Eigenschaft, die sein Sohn zweifelsohne mit ihm teilt.</p>

<p>Bereits seit 1946 wurde, wenn auch anonym, immerhin ungewöhnlich früh an die jüdischen Opfer, deren Asche auf dem Esslinger Ebershaldenfriedhof liegt, erinnert. Es handelt sich um 34 KZ-Häftlinge, 19 Opfer des Außenlagers Echterdingen und 15 Opfer des Außenlagers Hailfingen-Tailfingen, die am 18.7.2013 endlich aus der Anonymität geholt wurden, als das Grab durch neue Grabplatten mit [&hellip;]</p>
