{"id":970,"date":"2021-02-28T16:51:12","date_gmt":"2021-02-28T16:51:12","guid":{"rendered":"https:\/\/kz-gedenkstaette-hailfingen-tailfingen.de\/?page_id=970"},"modified":"2021-02-28T17:29:31","modified_gmt":"2021-02-28T17:29:31","slug":"friedhof-unter-den-linden-reutlingen","status":"publish","type":"page","link":"https:\/\/kz-gedenkstaette-hailfingen-tailfingen.de\/index.php\/friedhof-unter-den-linden-reutlingen\/","title":{"rendered":"Friedhof Unter den Linden Reutlingen \u2013 Grab von 99 der KZ-H\u00e4ftlinge"},"content":{"rendered":"\n<div class=\"wp-block-image\"><figure class=\"aligncenter size-large\"><img loading=\"lazy\" width=\"600\" height=\"600\" src=\"https:\/\/kz-gedenkstaette-hailfingen-tailfingen.de\/wp-content\/uploads\/2021\/02\/vlcsnap-2021-01-23-20h47m29s31-b2-m.jpg\" alt=\"\" class=\"wp-image-971\" srcset=\"https:\/\/kz-gedenkstaette-hailfingen-tailfingen.de\/wp-content\/uploads\/2021\/02\/vlcsnap-2021-01-23-20h47m29s31-b2-m.jpg 600w, https:\/\/kz-gedenkstaette-hailfingen-tailfingen.de\/wp-content\/uploads\/2021\/02\/vlcsnap-2021-01-23-20h47m29s31-b2-m-300x300.jpg 300w, https:\/\/kz-gedenkstaette-hailfingen-tailfingen.de\/wp-content\/uploads\/2021\/02\/vlcsnap-2021-01-23-20h47m29s31-b2-m-150x150.jpg 150w\" sizes=\"(max-width: 600px) 100vw, 600px\" \/><figcaption>Mahnmal auf dem Friedhof \u201eUnter den Linden\u201d, rechts die Namenstafel \u2013 Foto: J. Kuhn<\/figcaption><\/figure><\/div>\n\n\n\n<p>Als der Reutlinger Oberb\u00fcrgermeister Oskar Kalbfell im Februar 1952 im Reutlinger Gemeinderat \u00fcber die Leichentransporte zum Krematorium Reutlingen berichtete und auf dem Friedhof Unter den Linden Richard Raachs Mahnmal errichtet wurde, wurde das Lager Hailfingen wohl erstmals \u00f6ffentlich zum Thema. Im November 1952 wurde die Skulptur an der Stelle aufgestellt, wo die Asche von 128 im Reutlinger Krematorium einge\u00e4scherten KZ-H\u00e4ftlingen, darunter 99 aus Hailfingen, begraben wurde. Die Krematoriumsarbeiter hatten die \u00dcberreste der Juden nicht, wie angeordnet, verstreut, sondern in Kisten am Rand des Friedhofs deponiert. Die Kisten wurden nach dem Krieg an diese Stelle, von einer auf die andere Seite des Friedhofs, umgebettet. Obwohl auch damals bekannt war, wessen Asche dort begraben liegt, \u2013 das Ein\u00e4scherungsverzeichnis der Friedhofsverwaltung Reutlingen blieb erhalten \u2013, konnte man sich offensichtlich nur auf die allgemein gehaltene Inschrift \u201eDen Opfern der Gewalt 1933\u20131945\u201d einigen.<\/p>\n\n\n\n<div class=\"wp-block-image\"><figure class=\"aligncenter size-large\"><img loading=\"lazy\" width=\"600\" height=\"600\" src=\"https:\/\/kz-gedenkstaette-hailfingen-tailfingen.de\/wp-content\/uploads\/2021\/02\/3.9.2_verzeichnis_2-m2.jpg\" alt=\"\" class=\"wp-image-978\" srcset=\"https:\/\/kz-gedenkstaette-hailfingen-tailfingen.de\/wp-content\/uploads\/2021\/02\/3.9.2_verzeichnis_2-m2.jpg 600w, https:\/\/kz-gedenkstaette-hailfingen-tailfingen.de\/wp-content\/uploads\/2021\/02\/3.9.2_verzeichnis_2-m2-300x300.jpg 300w, https:\/\/kz-gedenkstaette-hailfingen-tailfingen.de\/wp-content\/uploads\/2021\/02\/3.9.2_verzeichnis_2-m2-150x150.jpg 150w\" sizes=\"(max-width: 600px) 100vw, 600px\" \/><figcaption>Ein\u00e4scherungsverzeichnis (Ausschnitt) \u2013 Foto: Stadtarchiv Reutlingen<\/figcaption><\/figure><\/div>\n\n\n\n<p>Am 7.6.2010 schlie\u00dflich wurde auf gemeinsame Initiative des Vereins \u201eGegen Vergessen \u2013 F\u00fcr Demokratie e. V.\u201d und Angeh\u00f6rigen der Opfer eine Tafel eingeweiht, auf der die Namen aller dort begrabenen H\u00e4ftlinge zu lesen sind. <\/p>\n\n\n\n<div class=\"wp-block-image\"><figure class=\"aligncenter size-large\"><img loading=\"lazy\" width=\"600\" height=\"600\" src=\"https:\/\/kz-gedenkstaette-hailfingen-tailfingen.de\/wp-content\/uploads\/2021\/02\/3.12.7_mahnmal_2-m.jpg\" alt=\"\" class=\"wp-image-972\" srcset=\"https:\/\/kz-gedenkstaette-hailfingen-tailfingen.de\/wp-content\/uploads\/2021\/02\/3.12.7_mahnmal_2-m.jpg 600w, https:\/\/kz-gedenkstaette-hailfingen-tailfingen.de\/wp-content\/uploads\/2021\/02\/3.12.7_mahnmal_2-m-300x300.jpg 300w, https:\/\/kz-gedenkstaette-hailfingen-tailfingen.de\/wp-content\/uploads\/2021\/02\/3.12.7_mahnmal_2-m-150x150.jpg 150w\" sizes=\"(max-width: 600px) 100vw, 600px\" \/><figcaption>Namenstafel, 2010 \u2013 Foto: J. Kuhn<\/figcaption><\/figure><\/div>\n\n\n\n<p>Auf der Namenstafel ist zu lesen:<br>\u201eUnter dem 1952 von Bildhauer Richard Raach geschaffenen Sarkophag ruht die Asche von 128 meist j\u00fcdischen M\u00e4nnern aus 15 Nationen. Ihr Leidensweg f\u00fchrte sie im Herbst des Jahres 1944 \u00fcber die Konzentrationslager Auschwitz und Stutthof in verschiedene KZ-Au\u00dfenlager nach W\u00fcrttemberg, wo hunderte an Hunger und Entkr\u00e4ftung starben. Zwischen Oktober 1944 und Januar 1945 wurden die Leichname von 128 KZ-Opfern aus den Lagern Hailfingen\/Tailfingen, Bisingen, Dautmergen und Sch\u00f6mberg im Reutlinger Krematorium verbrannt. An sie wird hier erinnert. Ihre Namen, ihre Herkunft und ihre Geburts- und Sterbedaten sind auch in dem 1999 herausgegebenen Gedenkbuch der Stadt Reutlingen \u201aDie Opfer der Gewaltherrschaft 1933-1945. Die Toten des zweiten Weltkriegs\u2018 aufgef\u00fchrt.\u201d&nbsp;<\/p>\n","protected":false},"excerpt":{"rendered":"<p>Als der Reutlinger Oberb\u00fcrgermeister Oskar Kalbfell im Februar 1952 im Reutlinger Gemeinderat \u00fcber die Leichentransporte zum Krematorium Reutlingen berichtete und auf dem Friedhof Unter den Linden Richard Raachs Mahnmal errichtet wurde, wurde das Lager Hailfingen wohl erstmals \u00f6ffentlich zum Thema. Im November 1952 wurde die Skulptur an der Stelle aufgestellt, wo die Asche von 128 [&hellip;]<\/p>\n","protected":false},"author":1,"featured_media":0,"parent":0,"menu_order":0,"comment_status":"closed","ping_status":"closed","template":"","meta":[],"_links":{"self":[{"href":"https:\/\/kz-gedenkstaette-hailfingen-tailfingen.de\/index.php\/wp-json\/wp\/v2\/pages\/970"}],"collection":[{"href":"https:\/\/kz-gedenkstaette-hailfingen-tailfingen.de\/index.php\/wp-json\/wp\/v2\/pages"}],"about":[{"href":"https:\/\/kz-gedenkstaette-hailfingen-tailfingen.de\/index.php\/wp-json\/wp\/v2\/types\/page"}],"author":[{"embeddable":true,"href":"https:\/\/kz-gedenkstaette-hailfingen-tailfingen.de\/index.php\/wp-json\/wp\/v2\/users\/1"}],"replies":[{"embeddable":true,"href":"https:\/\/kz-gedenkstaette-hailfingen-tailfingen.de\/index.php\/wp-json\/wp\/v2\/comments?post=970"}],"version-history":[{"count":3,"href":"https:\/\/kz-gedenkstaette-hailfingen-tailfingen.de\/index.php\/wp-json\/wp\/v2\/pages\/970\/revisions"}],"predecessor-version":[{"id":980,"href":"https:\/\/kz-gedenkstaette-hailfingen-tailfingen.de\/index.php\/wp-json\/wp\/v2\/pages\/970\/revisions\/980"}],"wp:attachment":[{"href":"https:\/\/kz-gedenkstaette-hailfingen-tailfingen.de\/index.php\/wp-json\/wp\/v2\/media?parent=970"}],"curies":[{"name":"wp","href":"https:\/\/api.w.org\/{rel}","templated":true}]}}

Friedhof Unter den Linden Reutlingen – Grab von 99 der KZ-Häftlinge

<div class="wp-block-image"><figure class="aligncenter size-large"><img loading="lazy" width="600" height="600" src="https://kz-gedenkstaette-hailfingen-tailfingen.de/wp-content/uploads/2021/02/vlcsnap-2021-01-23-20h47m29s31-b2-m.jpg" alt="" class="wp-image-971" srcset="https://kz-gedenkstaette-hailfingen-tailfingen.de/wp-content/uploads/2021/02/vlcsnap-2021-01-23-20h47m29s31-b2-m.jpg 600w, https://kz-gedenkstaette-hailfingen-tailfingen.de/wp-content/uploads/2021/02/vlcsnap-2021-01-23-20h47m29s31-b2-m-300x300.jpg 300w, https://kz-gedenkstaette-hailfingen-tailfingen.de/wp-content/uploads/2021/02/vlcsnap-2021-01-23-20h47m29s31-b2-m-150x150.jpg 150w" sizes="(max-width: 600px) 100vw, 600px" /><figcaption>Mahnmal auf dem Friedhof „Unter den Linden”, rechts die Namenstafel – Foto: J. Kuhn</figcaption></figure></div>



<p>Als der Reutlinger Oberbürgermeister Oskar Kalbfell im Februar 1952 im Reutlinger Gemeinderat über die Leichentransporte zum Krematorium Reutlingen berichtete und auf dem Friedhof Unter den Linden Richard Raachs Mahnmal errichtet wurde, wurde das Lager Hailfingen wohl erstmals öffentlich zum Thema. Im November 1952 wurde die Skulptur an der Stelle aufgestellt, wo die Asche von 128 im Reutlinger Krematorium eingeäscherten KZ-Häftlingen, darunter 99 aus Hailfingen, begraben wurde. Die Krematoriumsarbeiter hatten die Überreste der Juden nicht, wie angeordnet, verstreut, sondern in Kisten am Rand des Friedhofs deponiert. Die Kisten wurden nach dem Krieg an diese Stelle, von einer auf die andere Seite des Friedhofs, umgebettet. Obwohl auch damals bekannt war, wessen Asche dort begraben liegt, – das Einäscherungsverzeichnis der Friedhofsverwaltung Reutlingen blieb erhalten –, konnte man sich offensichtlich nur auf die allgemein gehaltene Inschrift „Den Opfern der Gewalt 1933–1945” einigen.</p>



<div class="wp-block-image"><figure class="aligncenter size-large"><img loading="lazy" width="600" height="600" src="https://kz-gedenkstaette-hailfingen-tailfingen.de/wp-content/uploads/2021/02/3.9.2_verzeichnis_2-m2.jpg" alt="" class="wp-image-978" srcset="https://kz-gedenkstaette-hailfingen-tailfingen.de/wp-content/uploads/2021/02/3.9.2_verzeichnis_2-m2.jpg 600w, https://kz-gedenkstaette-hailfingen-tailfingen.de/wp-content/uploads/2021/02/3.9.2_verzeichnis_2-m2-300x300.jpg 300w, https://kz-gedenkstaette-hailfingen-tailfingen.de/wp-content/uploads/2021/02/3.9.2_verzeichnis_2-m2-150x150.jpg 150w" sizes="(max-width: 600px) 100vw, 600px" /><figcaption>Einäscherungsverzeichnis (Ausschnitt) – Foto: Stadtarchiv Reutlingen</figcaption></figure></div>



<p>Am 7.6.2010 schließlich wurde auf gemeinsame Initiative des Vereins „Gegen Vergessen – Für Demokratie e. V.” und Angehörigen der Opfer eine Tafel eingeweiht, auf der die Namen aller dort begrabenen Häftlinge zu lesen sind. </p>



<div class="wp-block-image"><figure class="aligncenter size-large"><img loading="lazy" width="600" height="600" src="https://kz-gedenkstaette-hailfingen-tailfingen.de/wp-content/uploads/2021/02/3.12.7_mahnmal_2-m.jpg" alt="" class="wp-image-972" srcset="https://kz-gedenkstaette-hailfingen-tailfingen.de/wp-content/uploads/2021/02/3.12.7_mahnmal_2-m.jpg 600w, https://kz-gedenkstaette-hailfingen-tailfingen.de/wp-content/uploads/2021/02/3.12.7_mahnmal_2-m-300x300.jpg 300w, https://kz-gedenkstaette-hailfingen-tailfingen.de/wp-content/uploads/2021/02/3.12.7_mahnmal_2-m-150x150.jpg 150w" sizes="(max-width: 600px) 100vw, 600px" /><figcaption>Namenstafel, 2010 – Foto: J. Kuhn</figcaption></figure></div>



<p>Auf der Namenstafel ist zu lesen:<br>„Unter dem 1952 von Bildhauer Richard Raach geschaffenen Sarkophag ruht die Asche von 128 meist jüdischen Männern aus 15 Nationen. Ihr Leidensweg führte sie im Herbst des Jahres 1944 über die Konzentrationslager Auschwitz und Stutthof in verschiedene KZ-Außenlager nach Württemberg, wo hunderte an Hunger und Entkräftung starben. Zwischen Oktober 1944 und Januar 1945 wurden die Leichname von 128 KZ-Opfern aus den Lagern Hailfingen/Tailfingen, Bisingen, Dautmergen und Schömberg im Reutlinger Krematorium verbrannt. An sie wird hier erinnert. Ihre Namen, ihre Herkunft und ihre Geburts- und Sterbedaten sind auch in dem 1999 herausgegebenen Gedenkbuch der Stadt Reutlingen ‚Die Opfer der Gewaltherrschaft 1933-1945. Die Toten des zweiten Weltkriegs‘ aufgeführt.”&nbsp;</p>

<p>Als der Reutlinger Oberbürgermeister Oskar Kalbfell im Februar 1952 im Reutlinger Gemeinderat über die Leichentransporte zum Krematorium Reutlingen berichtete und auf dem Friedhof Unter den Linden Richard Raachs Mahnmal errichtet wurde, wurde das Lager Hailfingen wohl erstmals öffentlich zum Thema. Im November 1952 wurde die Skulptur an der Stelle aufgestellt, wo die Asche von 128 [&hellip;]</p>
