{"id":955,"date":"2021-02-28T14:22:38","date_gmt":"2021-02-28T14:22:38","guid":{"rendered":"https:\/\/kz-gedenkstaette-hailfingen-tailfingen.de\/?page_id=955"},"modified":"2021-02-28T14:37:06","modified_gmt":"2021-02-28T14:37:06","slug":"ehemaliges-massengrab","status":"publish","type":"page","link":"https:\/\/kz-gedenkstaette-hailfingen-tailfingen.de\/index.php\/ehemaliges-massengrab\/","title":{"rendered":"Ehemaliges Massengrab"},"content":{"rendered":"\n<div class=\"wp-block-image\"><figure class=\"aligncenter size-large\"><img loading=\"lazy\" width=\"600\" height=\"600\" src=\"https:\/\/kz-gedenkstaette-hailfingen-tailfingen.de\/wp-content\/uploads\/2021\/02\/IMG_0764-Wordpress-Massengrab-gr-2-m.jpg\" alt=\"\" class=\"wp-image-956\" srcset=\"https:\/\/kz-gedenkstaette-hailfingen-tailfingen.de\/wp-content\/uploads\/2021\/02\/IMG_0764-Wordpress-Massengrab-gr-2-m.jpg 600w, https:\/\/kz-gedenkstaette-hailfingen-tailfingen.de\/wp-content\/uploads\/2021\/02\/IMG_0764-Wordpress-Massengrab-gr-2-m-300x300.jpg 300w, https:\/\/kz-gedenkstaette-hailfingen-tailfingen.de\/wp-content\/uploads\/2021\/02\/IMG_0764-Wordpress-Massengrab-gr-2-m-150x150.jpg 150w\" sizes=\"(max-width: 600px) 100vw, 600px\" \/><figcaption>Ort des Massengrabs \u2013 Foto: J. Kuhn<\/figcaption><\/figure><\/div>\n\n\n\n<p>Am 5. Januar 1945 stellte das Krematorium im Friedhof Unter den Linden in Reutlingen, in dem 99 Tote des KZ-Au\u00dfenlagers Hailfingen\/Tailfingen verbrannt worden waren, seinen Betrieb ein. Auch im Esslinger Ebershaldenfriedhof, wo 15 Tote des Lagers einge\u00e4schert worden waren, konnte die Kremierung nicht mehr stattfinden. Daraufhin wurden 75 Juden in einem Massengrab neben der Startbahn verscharrt.<br>Zwei \u00dcberlebende zeigten das Grab am 1. Juni 1945 franz\u00f6sischen Soldaten.<br>Sofort wurden Tailfinger M\u00e4nner gezwungen, das Grab zu \u00f6ffnen. Am 2. Juni wurden weitere Anwohner geholt und mit den Leichen konfrontiert. Die H\u00e4ftlinge wurden am 3. Juni auf dem Tailfinger Friedhof beerdigt.<\/p>\n\n\n\n<div class=\"wp-block-image\"><figure class=\"aligncenter size-large\"><img loading=\"lazy\" width=\"600\" height=\"600\" src=\"https:\/\/kz-gedenkstaette-hailfingen-tailfingen.de\/wp-content\/uploads\/2021\/02\/Massengrab-6-b-fuer-Dokuraumbroschuere-kleiner-cut-cmyk-2-rgb-m-kontr.jpg\" alt=\"\" class=\"wp-image-957\" srcset=\"https:\/\/kz-gedenkstaette-hailfingen-tailfingen.de\/wp-content\/uploads\/2021\/02\/Massengrab-6-b-fuer-Dokuraumbroschuere-kleiner-cut-cmyk-2-rgb-m-kontr.jpg 600w, https:\/\/kz-gedenkstaette-hailfingen-tailfingen.de\/wp-content\/uploads\/2021\/02\/Massengrab-6-b-fuer-Dokuraumbroschuere-kleiner-cut-cmyk-2-rgb-m-kontr-300x300.jpg 300w, https:\/\/kz-gedenkstaette-hailfingen-tailfingen.de\/wp-content\/uploads\/2021\/02\/Massengrab-6-b-fuer-Dokuraumbroschuere-kleiner-cut-cmyk-2-rgb-m-kontr-150x150.jpg 150w\" sizes=\"(max-width: 600px) 100vw, 600px\" \/><figcaption>Anwohnerinnen werden am 2. Juni 1945 mit den Leichen konfrontiert \u2013 Foto: unbekannt<\/figcaption><\/figure><\/div>\n\n\n\n<p>Station 5 des Gedenkpfads der KZ-Gedenkst\u00e4tte Hailfingen\/Tailfingen gibt weitere Informationen am Ort des ehemaligen Massengrabs. Es befindet sich auf Hailfinger Seite am \u00f6stlichen Ende der ehemaligen Start- und Landebahn.<\/p>\n\n\n\n<div class=\"wp-block-image\"><figure class=\"aligncenter size-large\"><img loading=\"lazy\" width=\"600\" height=\"600\" src=\"https:\/\/kz-gedenkstaette-hailfingen-tailfingen.de\/wp-content\/uploads\/2021\/02\/IMG_2187-b-cmyk-cut2-rgb-m.jpg\" alt=\"\" class=\"wp-image-958\" srcset=\"https:\/\/kz-gedenkstaette-hailfingen-tailfingen.de\/wp-content\/uploads\/2021\/02\/IMG_2187-b-cmyk-cut2-rgb-m.jpg 600w, https:\/\/kz-gedenkstaette-hailfingen-tailfingen.de\/wp-content\/uploads\/2021\/02\/IMG_2187-b-cmyk-cut2-rgb-m-300x300.jpg 300w, https:\/\/kz-gedenkstaette-hailfingen-tailfingen.de\/wp-content\/uploads\/2021\/02\/IMG_2187-b-cmyk-cut2-rgb-m-150x150.jpg 150w\" sizes=\"(max-width: 600px) 100vw, 600px\" \/><figcaption>Simon Gutman am ehemaligen Massengrab \u2013 Foto: J. Kuhn<\/figcaption><\/figure><\/div>\n\n\n\n<p>Zur Einweihung der neuen Beschilderung des Gedenkpfads im Juni 2017 kam der ehemalige KZ-H\u00e4ftling Simon Gutman. Im Audioguide berichten er und Israel Arbeiter von den Leichen, die sich in der Ecke des Lagers h\u00e4uften, bevor das Massengrab angelegt wurde.<\/p>\n","protected":false},"excerpt":{"rendered":"<p>Am 5. Januar 1945 stellte das Krematorium im Friedhof Unter den Linden in Reutlingen, in dem 99 Tote des KZ-Au\u00dfenlagers Hailfingen\/Tailfingen verbrannt worden waren, seinen Betrieb ein. Auch im Esslinger Ebershaldenfriedhof, wo 15 Tote des Lagers einge\u00e4schert worden waren, konnte die Kremierung nicht mehr stattfinden. Daraufhin wurden 75 Juden in einem Massengrab neben der Startbahn [&hellip;]<\/p>\n","protected":false},"author":1,"featured_media":0,"parent":0,"menu_order":0,"comment_status":"closed","ping_status":"closed","template":"","meta":[],"_links":{"self":[{"href":"https:\/\/kz-gedenkstaette-hailfingen-tailfingen.de\/index.php\/wp-json\/wp\/v2\/pages\/955"}],"collection":[{"href":"https:\/\/kz-gedenkstaette-hailfingen-tailfingen.de\/index.php\/wp-json\/wp\/v2\/pages"}],"about":[{"href":"https:\/\/kz-gedenkstaette-hailfingen-tailfingen.de\/index.php\/wp-json\/wp\/v2\/types\/page"}],"author":[{"embeddable":true,"href":"https:\/\/kz-gedenkstaette-hailfingen-tailfingen.de\/index.php\/wp-json\/wp\/v2\/users\/1"}],"replies":[{"embeddable":true,"href":"https:\/\/kz-gedenkstaette-hailfingen-tailfingen.de\/index.php\/wp-json\/wp\/v2\/comments?post=955"}],"version-history":[{"count":2,"href":"https:\/\/kz-gedenkstaette-hailfingen-tailfingen.de\/index.php\/wp-json\/wp\/v2\/pages\/955\/revisions"}],"predecessor-version":[{"id":961,"href":"https:\/\/kz-gedenkstaette-hailfingen-tailfingen.de\/index.php\/wp-json\/wp\/v2\/pages\/955\/revisions\/961"}],"wp:attachment":[{"href":"https:\/\/kz-gedenkstaette-hailfingen-tailfingen.de\/index.php\/wp-json\/wp\/v2\/media?parent=955"}],"curies":[{"name":"wp","href":"https:\/\/api.w.org\/{rel}","templated":true}]}}

<div class="wp-block-image"><figure class="aligncenter size-large"><img loading="lazy" width="600" height="600" src="https://kz-gedenkstaette-hailfingen-tailfingen.de/wp-content/uploads/2021/02/IMG_0764-Wordpress-Massengrab-gr-2-m.jpg" alt="" class="wp-image-956" srcset="https://kz-gedenkstaette-hailfingen-tailfingen.de/wp-content/uploads/2021/02/IMG_0764-Wordpress-Massengrab-gr-2-m.jpg 600w, https://kz-gedenkstaette-hailfingen-tailfingen.de/wp-content/uploads/2021/02/IMG_0764-Wordpress-Massengrab-gr-2-m-300x300.jpg 300w, https://kz-gedenkstaette-hailfingen-tailfingen.de/wp-content/uploads/2021/02/IMG_0764-Wordpress-Massengrab-gr-2-m-150x150.jpg 150w" sizes="(max-width: 600px) 100vw, 600px" /><figcaption>Ort des Massengrabs – Foto: J. Kuhn</figcaption></figure></div>



<p>Am 5. Januar 1945 stellte das Krematorium im Friedhof Unter den Linden in Reutlingen, in dem 99 Tote des KZ-Außenlagers Hailfingen/Tailfingen verbrannt worden waren, seinen Betrieb ein. Auch im Esslinger Ebershaldenfriedhof, wo 15 Tote des Lagers eingeäschert worden waren, konnte die Kremierung nicht mehr stattfinden. Daraufhin wurden 75 Juden in einem Massengrab neben der Startbahn verscharrt.<br>Zwei Überlebende zeigten das Grab am 1. Juni 1945 französischen Soldaten.<br>Sofort wurden Tailfinger Männer gezwungen, das Grab zu öffnen. Am 2. Juni wurden weitere Anwohner geholt und mit den Leichen konfrontiert. Die Häftlinge wurden am 3. Juni auf dem Tailfinger Friedhof beerdigt.</p>



<div class="wp-block-image"><figure class="aligncenter size-large"><img loading="lazy" width="600" height="600" src="https://kz-gedenkstaette-hailfingen-tailfingen.de/wp-content/uploads/2021/02/Massengrab-6-b-fuer-Dokuraumbroschuere-kleiner-cut-cmyk-2-rgb-m-kontr.jpg" alt="" class="wp-image-957" srcset="https://kz-gedenkstaette-hailfingen-tailfingen.de/wp-content/uploads/2021/02/Massengrab-6-b-fuer-Dokuraumbroschuere-kleiner-cut-cmyk-2-rgb-m-kontr.jpg 600w, https://kz-gedenkstaette-hailfingen-tailfingen.de/wp-content/uploads/2021/02/Massengrab-6-b-fuer-Dokuraumbroschuere-kleiner-cut-cmyk-2-rgb-m-kontr-300x300.jpg 300w, https://kz-gedenkstaette-hailfingen-tailfingen.de/wp-content/uploads/2021/02/Massengrab-6-b-fuer-Dokuraumbroschuere-kleiner-cut-cmyk-2-rgb-m-kontr-150x150.jpg 150w" sizes="(max-width: 600px) 100vw, 600px" /><figcaption>Anwohnerinnen werden am 2. Juni 1945 mit den Leichen konfrontiert – Foto: unbekannt</figcaption></figure></div>



<p>Station 5 des Gedenkpfads der KZ-Gedenkstätte Hailfingen/Tailfingen gibt weitere Informationen am Ort des ehemaligen Massengrabs. Es befindet sich auf Hailfinger Seite am östlichen Ende der ehemaligen Start- und Landebahn.</p>



<div class="wp-block-image"><figure class="aligncenter size-large"><img loading="lazy" width="600" height="600" src="https://kz-gedenkstaette-hailfingen-tailfingen.de/wp-content/uploads/2021/02/IMG_2187-b-cmyk-cut2-rgb-m.jpg" alt="" class="wp-image-958" srcset="https://kz-gedenkstaette-hailfingen-tailfingen.de/wp-content/uploads/2021/02/IMG_2187-b-cmyk-cut2-rgb-m.jpg 600w, https://kz-gedenkstaette-hailfingen-tailfingen.de/wp-content/uploads/2021/02/IMG_2187-b-cmyk-cut2-rgb-m-300x300.jpg 300w, https://kz-gedenkstaette-hailfingen-tailfingen.de/wp-content/uploads/2021/02/IMG_2187-b-cmyk-cut2-rgb-m-150x150.jpg 150w" sizes="(max-width: 600px) 100vw, 600px" /><figcaption>Simon Gutman am ehemaligen Massengrab – Foto: J. Kuhn</figcaption></figure></div>



<p>Zur Einweihung der neuen Beschilderung des Gedenkpfads im Juni 2017 kam der ehemalige KZ-Häftling Simon Gutman. Im Audioguide berichten er und Israel Arbeiter von den Leichen, die sich in der Ecke des Lagers häuften, bevor das Massengrab angelegt wurde.</p>

<p>Am 5. Januar 1945 stellte das Krematorium im Friedhof Unter den Linden in Reutlingen, in dem 99 Tote des KZ-Außenlagers Hailfingen/Tailfingen verbrannt worden waren, seinen Betrieb ein. Auch im Esslinger Ebershaldenfriedhof, wo 15 Tote des Lagers eingeäschert worden waren, konnte die Kremierung nicht mehr stattfinden. Daraufhin wurden 75 Juden in einem Massengrab neben der Startbahn [&hellip;]</p>
