{"id":943,"date":"2021-02-28T12:34:39","date_gmt":"2021-02-28T12:34:39","guid":{"rendered":"https:\/\/kz-gedenkstaette-hailfingen-tailfingen.de\/?page_id=943"},"modified":"2021-02-28T12:36:48","modified_gmt":"2021-02-28T12:36:48","slug":"skulpturenpfad-und-weg-zeichen","status":"publish","type":"page","link":"https:\/\/kz-gedenkstaette-hailfingen-tailfingen.de\/index.php\/skulpturenpfad-und-weg-zeichen\/","title":{"rendered":"Skulpturenpfad und \u201eWeg-Zeichen\u201c"},"content":{"rendered":"\n<p>Auf den Resten der Startbahn des ehemaligen Nachtj\u00e4gerflugplatzes Hailfingen verl\u00e4uft ein Skulpturenpfad, der schrittweise erweitert wird und zeigt, wie sich junge, interessierte Menschen gedanklich und k\u00fcnstlerisch mit der Geschichte auseinandersetzen.<\/p>\n\n\n\n<div class=\"wp-block-image\"><figure class=\"aligncenter size-large\"><img loading=\"lazy\" width=\"600\" height=\"600\" src=\"https:\/\/kz-gedenkstaette-hailfingen-tailfingen.de\/wp-content\/uploads\/2021\/02\/IMG_3792-m.jpg\" alt=\"\" class=\"wp-image-944\" srcset=\"https:\/\/kz-gedenkstaette-hailfingen-tailfingen.de\/wp-content\/uploads\/2021\/02\/IMG_3792-m.jpg 600w, https:\/\/kz-gedenkstaette-hailfingen-tailfingen.de\/wp-content\/uploads\/2021\/02\/IMG_3792-m-300x300.jpg 300w, https:\/\/kz-gedenkstaette-hailfingen-tailfingen.de\/wp-content\/uploads\/2021\/02\/IMG_3792-m-150x150.jpg 150w\" sizes=\"(max-width: 600px) 100vw, 600px\" \/><figcaption>DIE LEUTE M\u00dcSSTEN SEHEN, Skulptur von Lisa Wei\u00df, 2015  \u2013 Foto: J. Kuhn<\/figcaption><\/figure><\/div>\n\n\n\n<p><strong>\u201eAugen\u201c<\/strong><\/p>\n\n\n\n<p>Direkt hinter dem Mahnmal k\u00f6nnen die Arbeiten, die im Rahmen des Kreativworkshops der KZ-Gedenkst\u00e4tte im Jahr 2015 entstanden sind, betrachtet werden. Als Inspiration hatte der Bildhauer Rudolf Kurz, der den Workshop leitete und zu dessen Werken auch das Mahnmal der Gedenkst\u00e4tte z\u00e4hlt, das Leitmotiv <strong>\u201e<\/strong>Auge<strong>\u201c<\/strong> vorgegeben.<br>Lisa Wei\u00df zum Beispiel hat auf der einen Seite ihres Steins eine Spitzhacke angedeutet, die die schwere Arbeit im Steinbruch symbolisiert, zu der viele der H\u00e4ftlinge gezwungen wurden. Auf die andere Seite hat sie das Zitat <strong>\u201e<\/strong>Die Leute m\u00fcssten sehen<strong>\u201c<\/strong> gemei\u00dfelt. Es stammt von einem der H\u00e4ftlinge und bezieht sich auf die Anwohner*innen, an deren H\u00e4usern die Kolonnen der Arbeitskommandos t\u00e4glich vorbeikamen. <strong>\u201e<\/strong>Doch sie haben die Augen verschlossen und nichts gemacht<strong>\u201c<\/strong>, so Lisa Wei\u00df.<\/p>\n\n\n\n<div class=\"wp-block-image\"><figure class=\"aligncenter size-large\"><img loading=\"lazy\" width=\"600\" height=\"600\" src=\"https:\/\/kz-gedenkstaette-hailfingen-tailfingen.de\/wp-content\/uploads\/2021\/02\/IMG_3773-m.jpg\" alt=\"\" class=\"wp-image-945\" srcset=\"https:\/\/kz-gedenkstaette-hailfingen-tailfingen.de\/wp-content\/uploads\/2021\/02\/IMG_3773-m.jpg 600w, https:\/\/kz-gedenkstaette-hailfingen-tailfingen.de\/wp-content\/uploads\/2021\/02\/IMG_3773-m-300x300.jpg 300w, https:\/\/kz-gedenkstaette-hailfingen-tailfingen.de\/wp-content\/uploads\/2021\/02\/IMG_3773-m-150x150.jpg 150w\" sizes=\"(max-width: 600px) 100vw, 600px\" \/><figcaption>Skulpturengruppe des Kreativworkshops zum Thema <strong>\u201e<\/strong>Auge<strong>\u201c<\/strong> \u2013 Foto: J. Kuhn<\/figcaption><\/figure><\/div>\n\n\n\n<p><strong>\u201eH\u00e4nde\u201c<\/strong><\/p>\n\n\n\n<p>Zwei Jahre sp\u00e4ter, 2017, wurde ein weiterer Kreativworkshop organisiert. In diesem Jahr wurden die Teilnehmenden von drei Bildhauern k\u00fcnstlerisch betreut: Uli Gsell, Ralf Ehmann und Rudolf Kurz. An dem in Kooperation mit Aktion S\u00fchnezeichen Friedensdienste e. V. organisierten Angebot nahmen 14 Personen aus 7 verschiedenen Nationen teil. Als Themenvorschlag wurde das Thema \u201eH\u00e4nde\u201c gegeben, eine Mehrzahl der jungen Leute wollte sich aber die Freiheit nehmen, einen eigenen Schwerpunkt zu w\u00e4hlen und so ihren pers\u00f6nlichen Zugang zu der Vergangenheit des Orts zu finden.<\/p>\n\n\n\n<div class=\"wp-block-image\"><figure class=\"aligncenter size-large\"><img loading=\"lazy\" width=\"600\" height=\"600\" src=\"https:\/\/kz-gedenkstaette-hailfingen-tailfingen.de\/wp-content\/uploads\/2021\/02\/IMG_2603-m.jpg\" alt=\"\" class=\"wp-image-946\" srcset=\"https:\/\/kz-gedenkstaette-hailfingen-tailfingen.de\/wp-content\/uploads\/2021\/02\/IMG_2603-m.jpg 600w, https:\/\/kz-gedenkstaette-hailfingen-tailfingen.de\/wp-content\/uploads\/2021\/02\/IMG_2603-m-300x300.jpg 300w, https:\/\/kz-gedenkstaette-hailfingen-tailfingen.de\/wp-content\/uploads\/2021\/02\/IMG_2603-m-150x150.jpg 150w\" sizes=\"(max-width: 600px) 100vw, 600px\" \/><figcaption>Raquel Viver Rodrigo neben ihrer Skulptur, 2017 \u2013 Foto: J. Kuhn<\/figcaption><\/figure><\/div>\n\n\n\n<p>\u201eMeine Arbeit zeigt einen Apfel, den eine Wolfstatze greift\u201c, beginnt die Spanierin Raquel Viver Rodrigo die Pr\u00e4sentation ihres Werks am 11.8.2017. Die H\u00e4ftlinge wollten \u00c4pfel am Wegesrand aufheben, \u201eaber die Nazis h\u00e4tten geschossen, wenn sie es bemerkt h\u00e4tten. Deshalb habe ich den Apfel als Symbol f\u00fcr unerreichbare Tr\u00e4ume und Hoffnungen gew\u00e4hlt.\u201c Der Wolf steht f\u00fcr den bellenden Befehlston und die strenge Bewachung im Lager, die der ehemalige H\u00e4ftling Sam Baron beschrieb. \u201eWelche Ausdrucksform w\u00e4re da passender gewesen, als das Tier \u00fcber die Hoffnungen und Tr\u00e4ume wachen zu lassen?\u201c<\/p>\n\n\n\n<div class=\"wp-block-image\"><figure class=\"aligncenter size-large\"><img loading=\"lazy\" width=\"600\" height=\"600\" src=\"https:\/\/kz-gedenkstaette-hailfingen-tailfingen.de\/wp-content\/uploads\/2021\/02\/IMG_0966-fuer-Wordpress-m.jpg\" alt=\"\" class=\"wp-image-948\" srcset=\"https:\/\/kz-gedenkstaette-hailfingen-tailfingen.de\/wp-content\/uploads\/2021\/02\/IMG_0966-fuer-Wordpress-m.jpg 600w, https:\/\/kz-gedenkstaette-hailfingen-tailfingen.de\/wp-content\/uploads\/2021\/02\/IMG_0966-fuer-Wordpress-m-300x300.jpg 300w, https:\/\/kz-gedenkstaette-hailfingen-tailfingen.de\/wp-content\/uploads\/2021\/02\/IMG_0966-fuer-Wordpress-m-150x150.jpg 150w\" sizes=\"(max-width: 600px) 100vw, 600px\" \/><figcaption>Wegzeichen am Reustener Steinbruch \u2013 Foto: J. Kuhn<\/figcaption><\/figure><\/div>\n\n\n\n<p><strong>\u201eWeg-Zeichen\u201c<\/strong><\/p>\n\n\n\n<p>Sch\u00fcler*innen des Paul-Klee-Gymnasiums Rottenburg haben unter Betreuung von Gregor Schwarz gemeinsam mit dem Bildhauer Ralf Ehmann drei Wegzeichen gestaltet, die im Juli 2019 auf Ammerbucher Gemarkung eingeweiht wurden.<br>Diese Wegzeichen dienen nicht nur dazu, die Abzweigungen des Gedenkpfads unserer Gedenkst\u00e4tte leichter zu finden, sondern verleiten auch dazu, eine kleine Pause einzulegen und innezuhalten.<br>Es handelt sich um kleine Skulpturen auf Stelen, jeweils mit einem Zitat eines ehemaligen KZ-H\u00e4ftlings versehen. Zur Einweihung war auch Steven Pelcman anreist, um ein Zitat seines Vaters Morris Pelcman vorzustellen.<br><br>Nachdem die eindrucksvollen Werke der jungen Leute mit dem Lilly-Zapf-Preis des Landkreises T\u00fcbingen und dem Jugendpreis der Stiftung WegZeichen der Di\u00f6zese Rottenburg-Stuttgart ausgezeichnet wurden, entstanden ein Jahr sp\u00e4ter drei weitere Weg-Zeichen. Sie wurden 2020 an der gleichen Schule und ebenfalls im Kunstunterricht unter Betreuung von Gregor Schwarz und Ralf Ehmann erarbeitet. Diesmal wurden Portraitk\u00f6pfe auf mit Zitaten versehenen Stelen positioniert. Die Pr\u00e4sentation fand \u2013 coronabedingt \u2013 in kleinerem Rahmen statt. <\/p>\n\n\n\n<p>Die beeindruckenden Arbeiten dienen der Erinnerung an den Leidensweg der KZ-H\u00e4ftlinge.<\/p>\n\n\n\n<div class=\"wp-block-image\"><figure class=\"aligncenter size-large\"><img loading=\"lazy\" width=\"600\" height=\"600\" src=\"https:\/\/kz-gedenkstaette-hailfingen-tailfingen.de\/wp-content\/uploads\/2021\/02\/kzht.ak_.ne_weg-zeichen-koepfe_a-m.jpg\" alt=\"\" class=\"wp-image-951\" srcset=\"https:\/\/kz-gedenkstaette-hailfingen-tailfingen.de\/wp-content\/uploads\/2021\/02\/kzht.ak_.ne_weg-zeichen-koepfe_a-m.jpg 600w, https:\/\/kz-gedenkstaette-hailfingen-tailfingen.de\/wp-content\/uploads\/2021\/02\/kzht.ak_.ne_weg-zeichen-koepfe_a-m-300x300.jpg 300w, https:\/\/kz-gedenkstaette-hailfingen-tailfingen.de\/wp-content\/uploads\/2021\/02\/kzht.ak_.ne_weg-zeichen-koepfe_a-m-150x150.jpg 150w\" sizes=\"(max-width: 600px) 100vw, 600px\" \/><figcaption>Portraitkopf Jakob Fligelman, gestaltet von Aya Al Masalme, 2020 \u2013 Foto: H. Roth<\/figcaption><\/figure><\/div>\n\n\n\n<p><br><br><br><br><\/p>\n","protected":false},"excerpt":{"rendered":"<p>Auf den Resten der Startbahn des ehemaligen Nachtj\u00e4gerflugplatzes Hailfingen verl\u00e4uft ein Skulpturenpfad, der schrittweise erweitert wird und zeigt, wie sich junge, interessierte Menschen gedanklich und k\u00fcnstlerisch mit der Geschichte auseinandersetzen. \u201eAugen\u201c Direkt hinter dem Mahnmal k\u00f6nnen die Arbeiten, die im Rahmen des Kreativworkshops der KZ-Gedenkst\u00e4tte im Jahr 2015 entstanden sind, betrachtet werden. Als Inspiration hatte [&hellip;]<\/p>\n","protected":false},"author":1,"featured_media":0,"parent":0,"menu_order":0,"comment_status":"closed","ping_status":"closed","template":"","meta":[],"_links":{"self":[{"href":"https:\/\/kz-gedenkstaette-hailfingen-tailfingen.de\/index.php\/wp-json\/wp\/v2\/pages\/943"}],"collection":[{"href":"https:\/\/kz-gedenkstaette-hailfingen-tailfingen.de\/index.php\/wp-json\/wp\/v2\/pages"}],"about":[{"href":"https:\/\/kz-gedenkstaette-hailfingen-tailfingen.de\/index.php\/wp-json\/wp\/v2\/types\/page"}],"author":[{"embeddable":true,"href":"https:\/\/kz-gedenkstaette-hailfingen-tailfingen.de\/index.php\/wp-json\/wp\/v2\/users\/1"}],"replies":[{"embeddable":true,"href":"https:\/\/kz-gedenkstaette-hailfingen-tailfingen.de\/index.php\/wp-json\/wp\/v2\/comments?post=943"}],"version-history":[{"count":5,"href":"https:\/\/kz-gedenkstaette-hailfingen-tailfingen.de\/index.php\/wp-json\/wp\/v2\/pages\/943\/revisions"}],"predecessor-version":[{"id":954,"href":"https:\/\/kz-gedenkstaette-hailfingen-tailfingen.de\/index.php\/wp-json\/wp\/v2\/pages\/943\/revisions\/954"}],"wp:attachment":[{"href":"https:\/\/kz-gedenkstaette-hailfingen-tailfingen.de\/index.php\/wp-json\/wp\/v2\/media?parent=943"}],"curies":[{"name":"wp","href":"https:\/\/api.w.org\/{rel}","templated":true}]}}

<p>Auf den Resten der Startbahn des ehemaligen Nachtjägerflugplatzes Hailfingen verläuft ein Skulpturenpfad, der schrittweise erweitert wird und zeigt, wie sich junge, interessierte Menschen gedanklich und künstlerisch mit der Geschichte auseinandersetzen.</p>



<div class="wp-block-image"><figure class="aligncenter size-large"><img loading="lazy" width="600" height="600" src="https://kz-gedenkstaette-hailfingen-tailfingen.de/wp-content/uploads/2021/02/IMG_3792-m.jpg" alt="" class="wp-image-944" srcset="https://kz-gedenkstaette-hailfingen-tailfingen.de/wp-content/uploads/2021/02/IMG_3792-m.jpg 600w, https://kz-gedenkstaette-hailfingen-tailfingen.de/wp-content/uploads/2021/02/IMG_3792-m-300x300.jpg 300w, https://kz-gedenkstaette-hailfingen-tailfingen.de/wp-content/uploads/2021/02/IMG_3792-m-150x150.jpg 150w" sizes="(max-width: 600px) 100vw, 600px" /><figcaption>DIE LEUTE MÜSSTEN SEHEN, Skulptur von Lisa Weiß, 2015  – Foto: J. Kuhn</figcaption></figure></div>



<p><strong>„Augen“</strong></p>



<p>Direkt hinter dem Mahnmal können die Arbeiten, die im Rahmen des Kreativworkshops der KZ-Gedenkstätte im Jahr 2015 entstanden sind, betrachtet werden. Als Inspiration hatte der Bildhauer Rudolf Kurz, der den Workshop leitete und zu dessen Werken auch das Mahnmal der Gedenkstätte zählt, das Leitmotiv <strong>„</strong>Auge<strong>“</strong> vorgegeben.<br>Lisa Weiß zum Beispiel hat auf der einen Seite ihres Steins eine Spitzhacke angedeutet, die die schwere Arbeit im Steinbruch symbolisiert, zu der viele der Häftlinge gezwungen wurden. Auf die andere Seite hat sie das Zitat <strong>„</strong>Die Leute müssten sehen<strong>“</strong> gemeißelt. Es stammt von einem der Häftlinge und bezieht sich auf die Anwohner*innen, an deren Häusern die Kolonnen der Arbeitskommandos täglich vorbeikamen. <strong>„</strong>Doch sie haben die Augen verschlossen und nichts gemacht<strong>“</strong>, so Lisa Weiß.</p>



<div class="wp-block-image"><figure class="aligncenter size-large"><img loading="lazy" width="600" height="600" src="https://kz-gedenkstaette-hailfingen-tailfingen.de/wp-content/uploads/2021/02/IMG_3773-m.jpg" alt="" class="wp-image-945" srcset="https://kz-gedenkstaette-hailfingen-tailfingen.de/wp-content/uploads/2021/02/IMG_3773-m.jpg 600w, https://kz-gedenkstaette-hailfingen-tailfingen.de/wp-content/uploads/2021/02/IMG_3773-m-300x300.jpg 300w, https://kz-gedenkstaette-hailfingen-tailfingen.de/wp-content/uploads/2021/02/IMG_3773-m-150x150.jpg 150w" sizes="(max-width: 600px) 100vw, 600px" /><figcaption>Skulpturengruppe des Kreativworkshops zum Thema <strong>„</strong>Auge<strong>“</strong> – Foto: J. Kuhn</figcaption></figure></div>



<p><strong>„Hände“</strong></p>



<p>Zwei Jahre später, 2017, wurde ein weiterer Kreativworkshop organisiert. In diesem Jahr wurden die Teilnehmenden von drei Bildhauern künstlerisch betreut: Uli Gsell, Ralf Ehmann und Rudolf Kurz. An dem in Kooperation mit Aktion Sühnezeichen Friedensdienste e. V. organisierten Angebot nahmen 14 Personen aus 7 verschiedenen Nationen teil. Als Themenvorschlag wurde das Thema „Hände“ gegeben, eine Mehrzahl der jungen Leute wollte sich aber die Freiheit nehmen, einen eigenen Schwerpunkt zu wählen und so ihren persönlichen Zugang zu der Vergangenheit des Orts zu finden.</p>



<div class="wp-block-image"><figure class="aligncenter size-large"><img loading="lazy" width="600" height="600" src="https://kz-gedenkstaette-hailfingen-tailfingen.de/wp-content/uploads/2021/02/IMG_2603-m.jpg" alt="" class="wp-image-946" srcset="https://kz-gedenkstaette-hailfingen-tailfingen.de/wp-content/uploads/2021/02/IMG_2603-m.jpg 600w, https://kz-gedenkstaette-hailfingen-tailfingen.de/wp-content/uploads/2021/02/IMG_2603-m-300x300.jpg 300w, https://kz-gedenkstaette-hailfingen-tailfingen.de/wp-content/uploads/2021/02/IMG_2603-m-150x150.jpg 150w" sizes="(max-width: 600px) 100vw, 600px" /><figcaption>Raquel Viver Rodrigo neben ihrer Skulptur, 2017 – Foto: J. Kuhn</figcaption></figure></div>



<p>„Meine Arbeit zeigt einen Apfel, den eine Wolfstatze greift“, beginnt die Spanierin Raquel Viver Rodrigo die Präsentation ihres Werks am 11.8.2017. Die Häftlinge wollten Äpfel am Wegesrand aufheben, „aber die Nazis hätten geschossen, wenn sie es bemerkt hätten. Deshalb habe ich den Apfel als Symbol für unerreichbare Träume und Hoffnungen gewählt.“ Der Wolf steht für den bellenden Befehlston und die strenge Bewachung im Lager, die der ehemalige Häftling Sam Baron beschrieb. „Welche Ausdrucksform wäre da passender gewesen, als das Tier über die Hoffnungen und Träume wachen zu lassen?“</p>



<div class="wp-block-image"><figure class="aligncenter size-large"><img loading="lazy" width="600" height="600" src="https://kz-gedenkstaette-hailfingen-tailfingen.de/wp-content/uploads/2021/02/IMG_0966-fuer-Wordpress-m.jpg" alt="" class="wp-image-948" srcset="https://kz-gedenkstaette-hailfingen-tailfingen.de/wp-content/uploads/2021/02/IMG_0966-fuer-Wordpress-m.jpg 600w, https://kz-gedenkstaette-hailfingen-tailfingen.de/wp-content/uploads/2021/02/IMG_0966-fuer-Wordpress-m-300x300.jpg 300w, https://kz-gedenkstaette-hailfingen-tailfingen.de/wp-content/uploads/2021/02/IMG_0966-fuer-Wordpress-m-150x150.jpg 150w" sizes="(max-width: 600px) 100vw, 600px" /><figcaption>Wegzeichen am Reustener Steinbruch – Foto: J. Kuhn</figcaption></figure></div>



<p><strong>„Weg-Zeichen“</strong></p>



<p>Schüler*innen des Paul-Klee-Gymnasiums Rottenburg haben unter Betreuung von Gregor Schwarz gemeinsam mit dem Bildhauer Ralf Ehmann drei Wegzeichen gestaltet, die im Juli 2019 auf Ammerbucher Gemarkung eingeweiht wurden.<br>Diese Wegzeichen dienen nicht nur dazu, die Abzweigungen des Gedenkpfads unserer Gedenkstätte leichter zu finden, sondern verleiten auch dazu, eine kleine Pause einzulegen und innezuhalten.<br>Es handelt sich um kleine Skulpturen auf Stelen, jeweils mit einem Zitat eines ehemaligen KZ-Häftlings versehen. Zur Einweihung war auch Steven Pelcman anreist, um ein Zitat seines Vaters Morris Pelcman vorzustellen.<br><br>Nachdem die eindrucksvollen Werke der jungen Leute mit dem Lilly-Zapf-Preis des Landkreises Tübingen und dem Jugendpreis der Stiftung WegZeichen der Diözese Rottenburg-Stuttgart ausgezeichnet wurden, entstanden ein Jahr später drei weitere Weg-Zeichen. Sie wurden 2020 an der gleichen Schule und ebenfalls im Kunstunterricht unter Betreuung von Gregor Schwarz und Ralf Ehmann erarbeitet. Diesmal wurden Portraitköpfe auf mit Zitaten versehenen Stelen positioniert. Die Präsentation fand – coronabedingt – in kleinerem Rahmen statt. </p>



<p>Die beeindruckenden Arbeiten dienen der Erinnerung an den Leidensweg der KZ-Häftlinge.</p>



<div class="wp-block-image"><figure class="aligncenter size-large"><img loading="lazy" width="600" height="600" src="https://kz-gedenkstaette-hailfingen-tailfingen.de/wp-content/uploads/2021/02/kzht.ak_.ne_weg-zeichen-koepfe_a-m.jpg" alt="" class="wp-image-951" srcset="https://kz-gedenkstaette-hailfingen-tailfingen.de/wp-content/uploads/2021/02/kzht.ak_.ne_weg-zeichen-koepfe_a-m.jpg 600w, https://kz-gedenkstaette-hailfingen-tailfingen.de/wp-content/uploads/2021/02/kzht.ak_.ne_weg-zeichen-koepfe_a-m-300x300.jpg 300w, https://kz-gedenkstaette-hailfingen-tailfingen.de/wp-content/uploads/2021/02/kzht.ak_.ne_weg-zeichen-koepfe_a-m-150x150.jpg 150w" sizes="(max-width: 600px) 100vw, 600px" /><figcaption>Portraitkopf Jakob Fligelman, gestaltet von Aya Al Masalme, 2020 – Foto: H. Roth</figcaption></figure></div>



<p><br><br><br><br></p>

<p>Auf den Resten der Startbahn des ehemaligen Nachtjägerflugplatzes Hailfingen verläuft ein Skulpturenpfad, der schrittweise erweitert wird und zeigt, wie sich junge, interessierte Menschen gedanklich und künstlerisch mit der Geschichte auseinandersetzen. „Augen“ Direkt hinter dem Mahnmal können die Arbeiten, die im Rahmen des Kreativworkshops der KZ-Gedenkstätte im Jahr 2015 entstanden sind, betrachtet werden. Als Inspiration hatte [&hellip;]</p>
