{"id":776,"date":"2020-12-19T20:19:42","date_gmt":"2020-12-19T20:19:42","guid":{"rendered":"https:\/\/kz-gedenkstaette-hailfingen-tailfingen.de\/?page_id=776"},"modified":"2021-02-12T18:35:02","modified_gmt":"2021-02-12T18:35:02","slug":"dokumentationszentrum","status":"publish","type":"page","link":"https:\/\/kz-gedenkstaette-hailfingen-tailfingen.de\/index.php\/dokumentationszentrum\/","title":{"rendered":"Dokumentationszentrum"},"content":{"rendered":"\n<div id=\"block-8627a912-c61e-49ef-aec1-4d70c2348afd\" class=\"wp-block-image\"><figure class=\"aligncenter size-large\"><img loading=\"lazy\" width=\"600\" height=\"600\" src=\"https:\/\/kz-gedenkstaette-hailfingen-tailfingen.de\/wp-content\/uploads\/2021\/02\/image.jpeg\" alt=\"\" class=\"wp-image-876\" srcset=\"https:\/\/kz-gedenkstaette-hailfingen-tailfingen.de\/wp-content\/uploads\/2021\/02\/image.jpeg 600w, https:\/\/kz-gedenkstaette-hailfingen-tailfingen.de\/wp-content\/uploads\/2021\/02\/image-300x300.jpeg 300w, https:\/\/kz-gedenkstaette-hailfingen-tailfingen.de\/wp-content\/uploads\/2021\/02\/image-150x150.jpeg 150w\" sizes=\"(max-width: 600px) 100vw, 600px\" \/><figcaption>Altes Rathaus, G\u00e4ufelden Tailfingen \u2013 Foto J. Kuhn<\/figcaption><\/figure><\/div>\n\n\n\n<p>Die KZ-Gedenkst\u00e4tte Hailfingen\/Tailfingen bietet einen zentralen Ort der Information: das Dokumentationszentrum. Im alten Tailfinger Rathaus besteht die M\u00f6glichkeit, sich eingehend mit der Geschichte des Lagers zu befassen. Im Dokumentationsraum befindet sich eine multimediale Dauerausstellung; der Seminarraum im 1. Stock eignet sich f\u00fcr Pr\u00e4sentationen, Gruppenarbeiten und Tagungen. Auch unsere Veranstaltungsreihe findet in der Regel dort statt.<\/p>\n\n\n\n<div class=\"wp-block-image\"><figure class=\"aligncenter size-large\"><img loading=\"lazy\" width=\"1024\" height=\"683\" src=\"https:\/\/kz-gedenkstaette-hailfingen-tailfingen.de\/wp-content\/uploads\/2020\/12\/IMG_3705-b-neu-1024x683.jpg\" alt=\"\" class=\"wp-image-777\" srcset=\"https:\/\/kz-gedenkstaette-hailfingen-tailfingen.de\/wp-content\/uploads\/2020\/12\/IMG_3705-b-neu-1024x683.jpg 1024w, https:\/\/kz-gedenkstaette-hailfingen-tailfingen.de\/wp-content\/uploads\/2020\/12\/IMG_3705-b-neu-300x200.jpg 300w, https:\/\/kz-gedenkstaette-hailfingen-tailfingen.de\/wp-content\/uploads\/2020\/12\/IMG_3705-b-neu-768x512.jpg 768w, https:\/\/kz-gedenkstaette-hailfingen-tailfingen.de\/wp-content\/uploads\/2020\/12\/IMG_3705-b-neu-1536x1024.jpg 1536w, https:\/\/kz-gedenkstaette-hailfingen-tailfingen.de\/wp-content\/uploads\/2020\/12\/IMG_3705-b-neu-2048x1365.jpg 2048w\" sizes=\"(max-width: 1024px) 100vw, 1024px\" \/><figcaption>Dokumentationsraum \u2013 Foto: J. Kuhn<\/figcaption><\/figure><\/div>\n\n\n\n<p>Im Zentrum der Ausstellung stehen die Opfer und ihre Perspektive. Drei Stelen stehen in der Mitte Raumes. Sie machen die Menschen hinter den Nummern sichtbar und geben ihnen eine Stimme. In Interviews schildern 15 \u00dcberlebende des KZ Hailfingen selbst ihren Lebens- und Leidensweg.<\/p>\n\n\n\n<p>Die Zeitleiste bietet einen chronologischen \u00dcberblick auf drei Ebenen, w\u00e4hrend zwei Themenw\u00e4nde einzelne wichtige Aspekte, wie zum Beispiel Solidarit\u00e4t oder Widerstand beleuchten. Im Treppenhaus befindet sich eine Portraitserie, die, zus\u00e4tzlich zu den Monitoren im Dokuraum, weitere H\u00e4ftlinge und ihre sehr verschiedenen Schicksale vorstellt.<\/p>\n\n\n\n<p>Anhand eines Mosaiks aus Luftbildern von 1945 lassen sich die topographischen Dimensionen des Flugplatzes und des Lagers erahnen. Auf die markantesten Punkte wird mithilfe von Informationskarten n\u00e4her eingegangen.<\/p>\n\n\n\n<div class=\"wp-block-image\"><figure class=\"aligncenter size-large\"><img loading=\"lazy\" width=\"1024\" height=\"683\" src=\"https:\/\/kz-gedenkstaette-hailfingen-tailfingen.de\/wp-content\/uploads\/2020\/12\/IMG_3693-b-neu-1024x683.jpg\" alt=\"\" class=\"wp-image-778\" srcset=\"https:\/\/kz-gedenkstaette-hailfingen-tailfingen.de\/wp-content\/uploads\/2020\/12\/IMG_3693-b-neu-1024x683.jpg 1024w, https:\/\/kz-gedenkstaette-hailfingen-tailfingen.de\/wp-content\/uploads\/2020\/12\/IMG_3693-b-neu-300x200.jpg 300w, https:\/\/kz-gedenkstaette-hailfingen-tailfingen.de\/wp-content\/uploads\/2020\/12\/IMG_3693-b-neu-768x512.jpg 768w, https:\/\/kz-gedenkstaette-hailfingen-tailfingen.de\/wp-content\/uploads\/2020\/12\/IMG_3693-b-neu-1536x1024.jpg 1536w, https:\/\/kz-gedenkstaette-hailfingen-tailfingen.de\/wp-content\/uploads\/2020\/12\/IMG_3693-b-neu-2048x1365.jpg 2048w\" sizes=\"(max-width: 1024px) 100vw, 1024px\" \/><figcaption>Foto: J. Kuhn<\/figcaption><\/figure><\/div>\n\n\n\n<p id=\"block-ccd04d8e-1fa3-4603-8ae0-07e253d39107\">Das Dokumentationszentrum befindet sich im Alten Tailfinger Rathaus (Hauptstr. 39, 71126 G\u00e4ufelden-Tailfingen). Der Haupteingang f\u00fcr das Dokumentationszentrum befindet sich an der von der Stra\u00dfe abgewandten Seite des Geb\u00e4udes.<br><br>Die \u00d6ffnungszeiten sind <a href=\"https:\/\/kz-gedenkstaette-hailfingen-tailfingen.de\/index.php\/oeffnungszeiten\/\">hier<\/a> zu finden.<br><br><\/p>\n","protected":false},"excerpt":{"rendered":"<p>Die KZ-Gedenkst\u00e4tte Hailfingen\/Tailfingen bietet einen zentralen Ort der Information: das Dokumentationszentrum. Im alten Tailfinger Rathaus besteht die M\u00f6glichkeit, sich eingehend mit der Geschichte des Lagers zu befassen. Im Dokumentationsraum befindet sich eine multimediale Dauerausstellung; der Seminarraum im 1. Stock eignet sich f\u00fcr Pr\u00e4sentationen, Gruppenarbeiten und Tagungen. Auch unsere Veranstaltungsreihe findet in der Regel dort statt. [&hellip;]<\/p>\n","protected":false},"author":1,"featured_media":0,"parent":0,"menu_order":0,"comment_status":"closed","ping_status":"closed","template":"","meta":[],"_links":{"self":[{"href":"https:\/\/kz-gedenkstaette-hailfingen-tailfingen.de\/index.php\/wp-json\/wp\/v2\/pages\/776"}],"collection":[{"href":"https:\/\/kz-gedenkstaette-hailfingen-tailfingen.de\/index.php\/wp-json\/wp\/v2\/pages"}],"about":[{"href":"https:\/\/kz-gedenkstaette-hailfingen-tailfingen.de\/index.php\/wp-json\/wp\/v2\/types\/page"}],"author":[{"embeddable":true,"href":"https:\/\/kz-gedenkstaette-hailfingen-tailfingen.de\/index.php\/wp-json\/wp\/v2\/users\/1"}],"replies":[{"embeddable":true,"href":"https:\/\/kz-gedenkstaette-hailfingen-tailfingen.de\/index.php\/wp-json\/wp\/v2\/comments?post=776"}],"version-history":[{"count":4,"href":"https:\/\/kz-gedenkstaette-hailfingen-tailfingen.de\/index.php\/wp-json\/wp\/v2\/pages\/776\/revisions"}],"predecessor-version":[{"id":880,"href":"https:\/\/kz-gedenkstaette-hailfingen-tailfingen.de\/index.php\/wp-json\/wp\/v2\/pages\/776\/revisions\/880"}],"wp:attachment":[{"href":"https:\/\/kz-gedenkstaette-hailfingen-tailfingen.de\/index.php\/wp-json\/wp\/v2\/media?parent=776"}],"curies":[{"name":"wp","href":"https:\/\/api.w.org\/{rel}","templated":true}]}}