{"id":411,"date":"2020-11-05T09:22:29","date_gmt":"2020-11-05T09:22:29","guid":{"rendered":"https:\/\/kz-gedenkstaette-hailfingen-tailfingen.de\/?page_id=411"},"modified":"2021-03-02T16:36:10","modified_gmt":"2021-03-02T16:36:10","slug":"jeder-mensch-hat-einen-namen","status":"publish","type":"page","link":"https:\/\/kz-gedenkstaette-hailfingen-tailfingen.de\/index.php\/jeder-mensch-hat-einen-namen\/","title":{"rendered":"JEDER MENSCH HAT EINEN NAMEN"},"content":{"rendered":"\n<div class=\"wp-block-image\"><figure class=\"aligncenter size-large\"><img loading=\"lazy\" width=\"600\" height=\"600\" src=\"https:\/\/kz-gedenkstaette-hailfingen-tailfingen.de\/wp-content\/uploads\/2021\/02\/Portraitcollage-m.jpg\" alt=\"\" class=\"wp-image-993\" srcset=\"https:\/\/kz-gedenkstaette-hailfingen-tailfingen.de\/wp-content\/uploads\/2021\/02\/Portraitcollage-m.jpg 600w, https:\/\/kz-gedenkstaette-hailfingen-tailfingen.de\/wp-content\/uploads\/2021\/02\/Portraitcollage-m-300x300.jpg 300w, https:\/\/kz-gedenkstaette-hailfingen-tailfingen.de\/wp-content\/uploads\/2021\/02\/Portraitcollage-m-150x150.jpg 150w\" sizes=\"(max-width: 600px) 100vw, 600px\" \/><figcaption>Neun der 601 H\u00e4ftlinge des KZ-Au\u00dfenlagers Hailfingen\/Tailfingen:<br>Erich Breuer, Sam Baron, Siegfried Fiskus, David Kozak, Mordechai Ciechanower, Amadeo di Cori, Simon Gutman, Alfred Wald, Erwin Baum \u2013 Collage: J. Kuhn<\/figcaption><\/figure><\/div>\n\n\n\n<p>Die KZ-Gedenkst\u00e4tte Hailfingen\/Tailfingen hat sich zur Aufgabe gemacht, den H\u00e4ftlingen des Au\u00dfenlagers wieder ein Gesicht zu geben. Jeder Mensch hat einen Namen! Aber nicht nur das. Jeder Mensch hat auch seine eigene Geschichte, individuelle Charaktereigenschaften, Gedanken \u2013 eine Pers\u00f6nlichkeit. Und dass das nicht nur f\u00fcr die Menschen in unserem Umfeld gilt, sondern auch f\u00fcr die Millionen, oft anonymen Opfer der nationalsozialistischen Terrorherrschaft, muss man sich und anderen immer wieder bewusst machen.<\/p>\n\n\n\n<div class=\"wp-block-image\"><figure class=\"aligncenter size-large\"><img loading=\"lazy\" width=\"600\" height=\"600\" src=\"https:\/\/kz-gedenkstaette-hailfingen-tailfingen.de\/wp-content\/uploads\/2021\/02\/3.7.03_nummernbuch_1-m.jpg\" alt=\"\" class=\"wp-image-995\" srcset=\"https:\/\/kz-gedenkstaette-hailfingen-tailfingen.de\/wp-content\/uploads\/2021\/02\/3.7.03_nummernbuch_1-m.jpg 600w, https:\/\/kz-gedenkstaette-hailfingen-tailfingen.de\/wp-content\/uploads\/2021\/02\/3.7.03_nummernbuch_1-m-300x300.jpg 300w, https:\/\/kz-gedenkstaette-hailfingen-tailfingen.de\/wp-content\/uploads\/2021\/02\/3.7.03_nummernbuch_1-m-150x150.jpg 150w\" sizes=\"(max-width: 600px) 100vw, 600px\" \/><figcaption>Ausschnitt aus dem <strong>\u201e<\/strong>Nummernbuch<strong>\u201c<\/strong> des KZs Natzweiler-Struthof \u2013 Quelle: ITS<\/figcaption><\/figure><\/div>\n\n\n\n<p>Die Recherchen von Volker Mall und Harald Roth begannen vor \u00fcber 15 Jahren. Im Staatsarchiv Ludwigsburg fanden sie in den Akten des Hechinger Prozesses das sogenannte Natzweiler-Nummernbuch 41. Die dort enthaltene Namensliste mit 600 j\u00fcdischen H\u00e4ftlingen stellte die Basis f\u00fcr alle weiteren personenbezogenen Recherchen dar. Ein H\u00e4ftling fehlt in dem Dokument, demnach waren in Hailfingen insgesamt 601 KZ-H\u00e4ftlinge. Dem Nummernbuch zufolge kamen die 600 Juden aus 16 L\u00e4ndern. Die Zuordnung ist allerdings nicht nur wegen der sich \u00e4ndernden Grenzen vor und w\u00e4hrend des Zweiten Weltkrieges problematisch, sie ber\u00fccksichtigt auch nicht die transnationale Verfolgungsgeschichte der Juden in Europa.<\/p>\n\n\n\n<div class=\"wp-block-image\"><figure class=\"aligncenter size-large\"><img loading=\"lazy\" width=\"600\" height=\"600\" src=\"https:\/\/kz-gedenkstaette-hailfingen-tailfingen.de\/wp-content\/uploads\/2021\/03\/IMG_4670-b-m2.jpg\" alt=\"\" class=\"wp-image-1006\" srcset=\"https:\/\/kz-gedenkstaette-hailfingen-tailfingen.de\/wp-content\/uploads\/2021\/03\/IMG_4670-b-m2.jpg 600w, https:\/\/kz-gedenkstaette-hailfingen-tailfingen.de\/wp-content\/uploads\/2021\/03\/IMG_4670-b-m2-300x300.jpg 300w, https:\/\/kz-gedenkstaette-hailfingen-tailfingen.de\/wp-content\/uploads\/2021\/03\/IMG_4670-b-m2-150x150.jpg 150w\" sizes=\"(max-width: 600px) 100vw, 600px\" \/><figcaption>Volker Mall bei seinen umfangreichen Recherchen, 2016 \u2013 Foto: J. Kuhn<\/figcaption><\/figure><\/div>\n\n\n\n<p>540 H\u00e4ftlinge, also die allermeisten, hatten bereits schlimme Zeiten in Auschwitz durchgemacht und waren traumatisiert \u2013 insbesondere durch die Vergasung ihrer n\u00e4chsten Familienangeh\u00f6rigen. Nach Auschwitz waren sie u. a. \u00fcber folgende Sammellager gekommen: Chaidari (Griechenland), Fossoli (Italien), Drancy (Frankreich), Mechelen (Belgien) und Westerbork (Niederlande). Sie waren nach den Angaben im Nummernbuch zwischen 15 und 60 Jahre alt. Einige hatten allerdings aus Angst vor ihrer sofortigen Ermordung ein falsches Alter angegeben. So unterschiedlich die Nationalit\u00e4ten, so verschieden waren die soziale Herkunft und die Biografien: Ein Spanienk\u00e4mpfer, ein Mitglied des britischen Expeditionskorps, Mitglieder der R\u00e9sistance, des holl\u00e4ndischen Widerstands usw. Einige hatten schon f\u00fcnf Jahre Ghetto, Arbeits- und Konzentrationslager hinter sich, bevor sie nach Hailfingen kamen, andere waren erst Mitte 1944 nach Auschwitz deportiert worden, so z. B. diejenigen, die mit den Transporten aus Fossoli, aus Ungarn oder mit den letzten Transporten aus Drancy dorthin gekommen waren.<\/p>\n\n\n\n<div class=\"wp-block-image\"><figure class=\"aligncenter size-large\"><img loading=\"lazy\" width=\"600\" height=\"600\" src=\"https:\/\/kz-gedenkstaette-hailfingen-tailfingen.de\/wp-content\/uploads\/2021\/03\/Dokuraumbroschuere-Entwurf-11-nur-Herkunft-der-Haeftlinge-3-quadratisch-m.jpg\" alt=\"\" class=\"wp-image-1003\" srcset=\"https:\/\/kz-gedenkstaette-hailfingen-tailfingen.de\/wp-content\/uploads\/2021\/03\/Dokuraumbroschuere-Entwurf-11-nur-Herkunft-der-Haeftlinge-3-quadratisch-m.jpg 600w, https:\/\/kz-gedenkstaette-hailfingen-tailfingen.de\/wp-content\/uploads\/2021\/03\/Dokuraumbroschuere-Entwurf-11-nur-Herkunft-der-Haeftlinge-3-quadratisch-m-300x300.jpg 300w, https:\/\/kz-gedenkstaette-hailfingen-tailfingen.de\/wp-content\/uploads\/2021\/03\/Dokuraumbroschuere-Entwurf-11-nur-Herkunft-der-Haeftlinge-3-quadratisch-m-150x150.jpg 150w\" sizes=\"(max-width: 600px) 100vw, 600px\" \/><figcaption>Herkunft der H\u00e4ftlinge; ihre letzten Stationen vor Hailfingen \u2013 Grafik: J. Kuhn<\/figcaption><\/figure><\/div>\n\n\n\n<p>Mit einigen der \u00dcberlebenden konnten die Initiatoren der Gedenkst\u00e4tte Kontakt aufbauen. Zur Einweihung des Dokumentationszentrums und des Mahnmals am 6.6.2010 reisten vier ehemalige H\u00e4ftlinge an:<br>Mordechai Ciechanower aus Israel, Simon Gutman aus Frankreich und Israel Arbeiter sowie Sam Baron, beide aus den USA.<\/p>\n\n\n\n<div class=\"wp-block-image\"><figure class=\"aligncenter size-large\"><img loading=\"lazy\" width=\"600\" height=\"600\" src=\"https:\/\/kz-gedenkstaette-hailfingen-tailfingen.de\/wp-content\/uploads\/2021\/03\/kzht.ar_.ju_.bar_mahnmal_a_2-b-m-1.jpg\" alt=\"\" class=\"wp-image-1013\" srcset=\"https:\/\/kz-gedenkstaette-hailfingen-tailfingen.de\/wp-content\/uploads\/2021\/03\/kzht.ar_.ju_.bar_mahnmal_a_2-b-m-1.jpg 600w, https:\/\/kz-gedenkstaette-hailfingen-tailfingen.de\/wp-content\/uploads\/2021\/03\/kzht.ar_.ju_.bar_mahnmal_a_2-b-m-1-300x300.jpg 300w, https:\/\/kz-gedenkstaette-hailfingen-tailfingen.de\/wp-content\/uploads\/2021\/03\/kzht.ar_.ju_.bar_mahnmal_a_2-b-m-1-150x150.jpg 150w\" sizes=\"(max-width: 600px) 100vw, 600px\" \/><figcaption>Sam Baron mit seiner Frau Tova am Mahnmal, 2010 \u2013 Foto: J. Kuhn<\/figcaption><\/figure><\/div>\n\n\n\n<p>Vor allem die Anzahl der Angeh\u00f6rigen, mit denen wir in Verbindung stehen, w\u00e4chst mit den Erfolgen bei der Recherche stetig. Viele kamen in den letzten Jahren zu Besuch, um diesen Ort des Schreckens, von dem nur noch Spuren zu sehen sind, zu besuchen und mehr zu erfahren. Oft ist eine solche Reise keine leichte Aufgabe; aber sie kann Gewissheit bringen und dadurch Erleichterung bedeuten. Angeh\u00f6rige von hier Verstorbenen konnten die Gr\u00e4ber besuchen und Kaddish sagen. <br>Bei den Treffen sind wertvolle neue Freundschaften entstanden, sowohl zwischen den Besucher*innen und uns als auch zwischen den Angeh\u00f6rigen untereinander.<\/p>\n","protected":false},"excerpt":{"rendered":"<p>Die KZ-Gedenkst\u00e4tte Hailfingen\/Tailfingen hat sich zur Aufgabe gemacht, den H\u00e4ftlingen des Au\u00dfenlagers wieder ein Gesicht zu geben. Jeder Mensch hat einen Namen! Aber nicht nur das. Jeder Mensch hat auch seine eigene Geschichte, individuelle Charaktereigenschaften, Gedanken \u2013 eine Pers\u00f6nlichkeit. Und dass das nicht nur f\u00fcr die Menschen in unserem Umfeld gilt, sondern auch f\u00fcr die [&hellip;]<\/p>\n","protected":false},"author":1,"featured_media":0,"parent":0,"menu_order":0,"comment_status":"closed","ping_status":"closed","template":"","meta":[],"_links":{"self":[{"href":"https:\/\/kz-gedenkstaette-hailfingen-tailfingen.de\/index.php\/wp-json\/wp\/v2\/pages\/411"}],"collection":[{"href":"https:\/\/kz-gedenkstaette-hailfingen-tailfingen.de\/index.php\/wp-json\/wp\/v2\/pages"}],"about":[{"href":"https:\/\/kz-gedenkstaette-hailfingen-tailfingen.de\/index.php\/wp-json\/wp\/v2\/types\/page"}],"author":[{"embeddable":true,"href":"https:\/\/kz-gedenkstaette-hailfingen-tailfingen.de\/index.php\/wp-json\/wp\/v2\/users\/1"}],"replies":[{"embeddable":true,"href":"https:\/\/kz-gedenkstaette-hailfingen-tailfingen.de\/index.php\/wp-json\/wp\/v2\/comments?post=411"}],"version-history":[{"count":15,"href":"https:\/\/kz-gedenkstaette-hailfingen-tailfingen.de\/index.php\/wp-json\/wp\/v2\/pages\/411\/revisions"}],"predecessor-version":[{"id":1030,"href":"https:\/\/kz-gedenkstaette-hailfingen-tailfingen.de\/index.php\/wp-json\/wp\/v2\/pages\/411\/revisions\/1030"}],"wp:attachment":[{"href":"https:\/\/kz-gedenkstaette-hailfingen-tailfingen.de\/index.php\/wp-json\/wp\/v2\/media?parent=411"}],"curies":[{"name":"wp","href":"https:\/\/api.w.org\/{rel}","templated":true}]}}

<div class="wp-block-image"><figure class="aligncenter size-large"><img loading="lazy" width="600" height="600" src="https://kz-gedenkstaette-hailfingen-tailfingen.de/wp-content/uploads/2021/02/Portraitcollage-m.jpg" alt="" class="wp-image-993" srcset="https://kz-gedenkstaette-hailfingen-tailfingen.de/wp-content/uploads/2021/02/Portraitcollage-m.jpg 600w, https://kz-gedenkstaette-hailfingen-tailfingen.de/wp-content/uploads/2021/02/Portraitcollage-m-300x300.jpg 300w, https://kz-gedenkstaette-hailfingen-tailfingen.de/wp-content/uploads/2021/02/Portraitcollage-m-150x150.jpg 150w" sizes="(max-width: 600px) 100vw, 600px" /><figcaption>Neun der 601 Häftlinge des KZ-Außenlagers Hailfingen/Tailfingen:<br>Erich Breuer, Sam Baron, Siegfried Fiskus, David Kozak, Mordechai Ciechanower, Amadeo di Cori, Simon Gutman, Alfred Wald, Erwin Baum – Collage: J. Kuhn</figcaption></figure></div>



<p>Die KZ-Gedenkstätte Hailfingen/Tailfingen hat sich zur Aufgabe gemacht, den Häftlingen des Außenlagers wieder ein Gesicht zu geben. Jeder Mensch hat einen Namen! Aber nicht nur das. Jeder Mensch hat auch seine eigene Geschichte, individuelle Charaktereigenschaften, Gedanken – eine Persönlichkeit. Und dass das nicht nur für die Menschen in unserem Umfeld gilt, sondern auch für die Millionen, oft anonymen Opfer der nationalsozialistischen Terrorherrschaft, muss man sich und anderen immer wieder bewusst machen.</p>



<div class="wp-block-image"><figure class="aligncenter size-large"><img loading="lazy" width="600" height="600" src="https://kz-gedenkstaette-hailfingen-tailfingen.de/wp-content/uploads/2021/02/3.7.03_nummernbuch_1-m.jpg" alt="" class="wp-image-995" srcset="https://kz-gedenkstaette-hailfingen-tailfingen.de/wp-content/uploads/2021/02/3.7.03_nummernbuch_1-m.jpg 600w, https://kz-gedenkstaette-hailfingen-tailfingen.de/wp-content/uploads/2021/02/3.7.03_nummernbuch_1-m-300x300.jpg 300w, https://kz-gedenkstaette-hailfingen-tailfingen.de/wp-content/uploads/2021/02/3.7.03_nummernbuch_1-m-150x150.jpg 150w" sizes="(max-width: 600px) 100vw, 600px" /><figcaption>Ausschnitt aus dem <strong>„</strong>Nummernbuch<strong>“</strong> des KZs Natzweiler-Struthof – Quelle: ITS</figcaption></figure></div>



<p>Die Recherchen von Volker Mall und Harald Roth begannen vor über 15 Jahren. Im Staatsarchiv Ludwigsburg fanden sie in den Akten des Hechinger Prozesses das sogenannte Natzweiler-Nummernbuch 41. Die dort enthaltene Namensliste mit 600 jüdischen Häftlingen stellte die Basis für alle weiteren personenbezogenen Recherchen dar. Ein Häftling fehlt in dem Dokument, demnach waren in Hailfingen insgesamt 601 KZ-Häftlinge. Dem Nummernbuch zufolge kamen die 600 Juden aus 16 Ländern. Die Zuordnung ist allerdings nicht nur wegen der sich ändernden Grenzen vor und während des Zweiten Weltkrieges problematisch, sie berücksichtigt auch nicht die transnationale Verfolgungsgeschichte der Juden in Europa.</p>



<div class="wp-block-image"><figure class="aligncenter size-large"><img loading="lazy" width="600" height="600" src="https://kz-gedenkstaette-hailfingen-tailfingen.de/wp-content/uploads/2021/03/IMG_4670-b-m2.jpg" alt="" class="wp-image-1006" srcset="https://kz-gedenkstaette-hailfingen-tailfingen.de/wp-content/uploads/2021/03/IMG_4670-b-m2.jpg 600w, https://kz-gedenkstaette-hailfingen-tailfingen.de/wp-content/uploads/2021/03/IMG_4670-b-m2-300x300.jpg 300w, https://kz-gedenkstaette-hailfingen-tailfingen.de/wp-content/uploads/2021/03/IMG_4670-b-m2-150x150.jpg 150w" sizes="(max-width: 600px) 100vw, 600px" /><figcaption>Volker Mall bei seinen umfangreichen Recherchen, 2016 – Foto: J. Kuhn</figcaption></figure></div>



<p>540 Häftlinge, also die allermeisten, hatten bereits schlimme Zeiten in Auschwitz durchgemacht und waren traumatisiert – insbesondere durch die Vergasung ihrer nächsten Familienangehörigen. Nach Auschwitz waren sie u. a. über folgende Sammellager gekommen: Chaidari (Griechenland), Fossoli (Italien), Drancy (Frankreich), Mechelen (Belgien) und Westerbork (Niederlande). Sie waren nach den Angaben im Nummernbuch zwischen 15 und 60 Jahre alt. Einige hatten allerdings aus Angst vor ihrer sofortigen Ermordung ein falsches Alter angegeben. So unterschiedlich die Nationalitäten, so verschieden waren die soziale Herkunft und die Biografien: Ein Spanienkämpfer, ein Mitglied des britischen Expeditionskorps, Mitglieder der Résistance, des holländischen Widerstands usw. Einige hatten schon fünf Jahre Ghetto, Arbeits- und Konzentrationslager hinter sich, bevor sie nach Hailfingen kamen, andere waren erst Mitte 1944 nach Auschwitz deportiert worden, so z. B. diejenigen, die mit den Transporten aus Fossoli, aus Ungarn oder mit den letzten Transporten aus Drancy dorthin gekommen waren.</p>



<div class="wp-block-image"><figure class="aligncenter size-large"><img loading="lazy" width="600" height="600" src="https://kz-gedenkstaette-hailfingen-tailfingen.de/wp-content/uploads/2021/03/Dokuraumbroschuere-Entwurf-11-nur-Herkunft-der-Haeftlinge-3-quadratisch-m.jpg" alt="" class="wp-image-1003" srcset="https://kz-gedenkstaette-hailfingen-tailfingen.de/wp-content/uploads/2021/03/Dokuraumbroschuere-Entwurf-11-nur-Herkunft-der-Haeftlinge-3-quadratisch-m.jpg 600w, https://kz-gedenkstaette-hailfingen-tailfingen.de/wp-content/uploads/2021/03/Dokuraumbroschuere-Entwurf-11-nur-Herkunft-der-Haeftlinge-3-quadratisch-m-300x300.jpg 300w, https://kz-gedenkstaette-hailfingen-tailfingen.de/wp-content/uploads/2021/03/Dokuraumbroschuere-Entwurf-11-nur-Herkunft-der-Haeftlinge-3-quadratisch-m-150x150.jpg 150w" sizes="(max-width: 600px) 100vw, 600px" /><figcaption>Herkunft der Häftlinge; ihre letzten Stationen vor Hailfingen – Grafik: J. Kuhn</figcaption></figure></div>



<p>Mit einigen der Überlebenden konnten die Initiatoren der Gedenkstätte Kontakt aufbauen. Zur Einweihung des Dokumentationszentrums und des Mahnmals am 6.6.2010 reisten vier ehemalige Häftlinge an:<br>Mordechai Ciechanower aus Israel, Simon Gutman aus Frankreich und Israel Arbeiter sowie Sam Baron, beide aus den USA.</p>



<div class="wp-block-image"><figure class="aligncenter size-large"><img loading="lazy" width="600" height="600" src="https://kz-gedenkstaette-hailfingen-tailfingen.de/wp-content/uploads/2021/03/kzht.ar_.ju_.bar_mahnmal_a_2-b-m-1.jpg" alt="" class="wp-image-1013" srcset="https://kz-gedenkstaette-hailfingen-tailfingen.de/wp-content/uploads/2021/03/kzht.ar_.ju_.bar_mahnmal_a_2-b-m-1.jpg 600w, https://kz-gedenkstaette-hailfingen-tailfingen.de/wp-content/uploads/2021/03/kzht.ar_.ju_.bar_mahnmal_a_2-b-m-1-300x300.jpg 300w, https://kz-gedenkstaette-hailfingen-tailfingen.de/wp-content/uploads/2021/03/kzht.ar_.ju_.bar_mahnmal_a_2-b-m-1-150x150.jpg 150w" sizes="(max-width: 600px) 100vw, 600px" /><figcaption>Sam Baron mit seiner Frau Tova am Mahnmal, 2010 – Foto: J. Kuhn</figcaption></figure></div>



<p>Vor allem die Anzahl der Angehörigen, mit denen wir in Verbindung stehen, wächst mit den Erfolgen bei der Recherche stetig. Viele kamen in den letzten Jahren zu Besuch, um diesen Ort des Schreckens, von dem nur noch Spuren zu sehen sind, zu besuchen und mehr zu erfahren. Oft ist eine solche Reise keine leichte Aufgabe; aber sie kann Gewissheit bringen und dadurch Erleichterung bedeuten. Angehörige von hier Verstorbenen konnten die Gräber besuchen und Kaddish sagen. <br>Bei den Treffen sind wertvolle neue Freundschaften entstanden, sowohl zwischen den Besucher*innen und uns als auch zwischen den Angehörigen untereinander.</p>

<p>Die KZ-Gedenkstätte Hailfingen/Tailfingen hat sich zur Aufgabe gemacht, den Häftlingen des Außenlagers wieder ein Gesicht zu geben. Jeder Mensch hat einen Namen! Aber nicht nur das. Jeder Mensch hat auch seine eigene Geschichte, individuelle Charaktereigenschaften, Gedanken – eine Persönlichkeit. Und dass das nicht nur für die Menschen in unserem Umfeld gilt, sondern auch für die [&hellip;]</p>
