{"id":2,"date":"2020-11-02T10:10:18","date_gmt":"2020-11-02T10:10:18","guid":{"rendered":"https:\/\/kz-gedenkstaette-hailfingen-tailfingen.de\/?page_id=2"},"modified":"2026-04-10T21:09:43","modified_gmt":"2026-04-10T21:09:43","slug":"oeffnungszeiten","status":"publish","type":"page","link":"https:\/\/kz-gedenkstaette-hailfingen-tailfingen.de\/index.php\/oeffnungszeiten\/","title":{"rendered":"\u00d6ffnungszeiten"},"content":{"rendered":"\n<p>Das Dokumentationszentrum steht normalerweise an zwei Sonntagen im Monat, jeweils von 15\u201317 Uhr, offen. An diesen Terminen, die unten aufgelistet sind, laden wir Sie ein, spontan vorbeizuschauen. <br>F\u00fcr <a href=\"https:\/\/kz-gedenkstaette-hailfingen-tailfingen.de\/index.php\/paedagogisches-angebot\/\">angemeldete F\u00fchrungen<\/a> wird die Gedenkst\u00e4tte zus\u00e4tzlich an individuell vereinbarten Terminen ge\u00f6ffnet.<br><br>Abgesehen vom Dokumentationszentrum sind alle weiteren <a href=\"https:\/\/kz-gedenkstaette-hailfingen-tailfingen.de\/index.php\/orte-der-erinnerung\/\">Orte der Erinnerung<\/a> (fast) immer zug\u00e4nglich.<\/p>\n\n\n\n<p>Voranmeldung ggf. bei Andreas Kroll:<br>0170-8610129<br>fuehrungen@kz-gedenkstaette-hailfingen-tailfingen.de<br><\/p>\n\n\n\n<p><strong>\u00d6ffnungszeiten 2026:<\/strong><\/p>\n\n\n\n<p><strong>April<\/strong><br>Dokumentationszentrum ge\u00f6ffnet (15\u201317 Uhr):<br>12.4.<br>19.4.<br>26.4.<\/p>\n\n\n\n<p>Veranstaltungs\u00fcbersicht April:<br>14.4. (Uhrzeit folgt) Pflanzung eines Haselnussstrauchs am Ort des (ehemaligen) Massengrabs<br>19.4., 17 Uhr Vernissage mit Dr. Bollacher, Landesdenkmalamt (weitere Infos folgen)<\/p>\n\n\n\n<p><strong>Mai<\/strong><br>Dokumentationszentrum ge\u00f6ffnet (15\u201317 Uhr):<br>3.5.<br>10.5.<br>17.5.<\/p>\n\n\n\n<p>Veranstaltungs\u00fcbersicht Mai:<br>(Folgt zu einem sp\u00e4teren Zeitpunkt.)<\/p>\n\n\n\n<p><strong>Juni<\/strong><br>Dokumentationszentrum ge\u00f6ffnet (15\u201317 Uhr):<br>7.6.<br>14.6.<br>28.6.<\/p>\n\n\n\n<p>Veranstaltungs\u00fcbersicht Juni:<br>(Folgt zu einem sp\u00e4teren Zeitpunkt.)<\/p>\n\n\n\n<p><strong>Juli<\/strong><br>Dokumentationszentrum ge\u00f6ffnet (15\u201317 Uhr):<br>12.7.<br>26.7.<br><br>Veranstaltungs\u00fcbersicht Juli:<br>(Folgt zu einem sp\u00e4teren Zeitpunkt.)<\/p>\n\n\n\n<p><strong>August<\/strong><br>Sommerpause<\/p>\n\n\n\n<p><strong>September<\/strong><br>Dokumentationszentrum ge\u00f6ffnet (15\u201317 Uhr):<br>13.9.<br>27.9.<\/p>\n\n\n\n<p>Veranstaltungs\u00fcbersicht September:<br>(Folgt zu einem sp\u00e4teren Zeitpunkt.)<br><br><strong>Oktober<\/strong><br>Dokumentationszentrum ge\u00f6ffnet (15\u201317 Uhr):<br>11.10.<br>25.10.<\/p>\n\n\n\n<p>Veranstaltungs\u00fcbersicht Oktober:<br>(Folgt zu einem sp\u00e4teren Zeitpunkt.)<\/p>\n\n\n\n<p><strong>November<\/strong><br>Dokumentationszentrum ge\u00f6ffnet (15\u201317 Uhr):<br>8.11.<br>22.11.<\/p>\n\n\n\n<p>Veranstaltungs\u00fcbersicht November:<br>(Folgt zu einem sp\u00e4teren Zeitpunkt.)<\/p>\n\n\n\n<p><strong>Dezember<\/strong><br>Dokumentationszentrum ge\u00f6ffnet (15\u201317 Uhr):<br>6.12.<br>20.12.<\/p>\n\n\n\n<p>Veranstaltungs\u00fcbersicht Dezember:<br>(Folgt zu einem sp\u00e4teren Zeitpunkt.)<\/p>\n","protected":false},"excerpt":{"rendered":"<p>Das Dokumentationszentrum steht normalerweise an zwei Sonntagen im Monat, jeweils von 15\u201317 Uhr, offen. An diesen Terminen, die unten aufgelistet sind, laden wir Sie ein, spontan vorbeizuschauen. F\u00fcr angemeldete F\u00fchrungen wird die Gedenkst\u00e4tte zus\u00e4tzlich an individuell vereinbarten Terminen ge\u00f6ffnet. Abgesehen vom Dokumentationszentrum sind alle weiteren Orte der Erinnerung (fast) immer zug\u00e4nglich. Voranmeldung ggf. bei Andreas [&hellip;]<\/p>\n","protected":false},"author":1,"featured_media":0,"parent":0,"menu_order":0,"comment_status":"closed","ping_status":"open","template":"","meta":[],"_links":{"self":[{"href":"https:\/\/kz-gedenkstaette-hailfingen-tailfingen.de\/index.php\/wp-json\/wp\/v2\/pages\/2"}],"collection":[{"href":"https:\/\/kz-gedenkstaette-hailfingen-tailfingen.de\/index.php\/wp-json\/wp\/v2\/pages"}],"about":[{"href":"https:\/\/kz-gedenkstaette-hailfingen-tailfingen.de\/index.php\/wp-json\/wp\/v2\/types\/page"}],"author":[{"embeddable":true,"href":"https:\/\/kz-gedenkstaette-hailfingen-tailfingen.de\/index.php\/wp-json\/wp\/v2\/users\/1"}],"replies":[{"embeddable":true,"href":"https:\/\/kz-gedenkstaette-hailfingen-tailfingen.de\/index.php\/wp-json\/wp\/v2\/comments?post=2"}],"version-history":[{"count":158,"href":"https:\/\/kz-gedenkstaette-hailfingen-tailfingen.de\/index.php\/wp-json\/wp\/v2\/pages\/2\/revisions"}],"predecessor-version":[{"id":3178,"href":"https:\/\/kz-gedenkstaette-hailfingen-tailfingen.de\/index.php\/wp-json\/wp\/v2\/pages\/2\/revisions\/3178"}],"wp:attachment":[{"href":"https:\/\/kz-gedenkstaette-hailfingen-tailfingen.de\/index.php\/wp-json\/wp\/v2\/media?parent=2"}],"curies":[{"name":"wp","href":"https:\/\/api.w.org\/{rel}","templated":true}]}}