{"id":1703,"date":"2022-07-16T09:24:13","date_gmt":"2022-07-16T09:24:13","guid":{"rendered":"https:\/\/kz-gedenkstaette-hailfingen-tailfingen.de\/?page_id=1703"},"modified":"2022-07-18T19:35:39","modified_gmt":"2022-07-18T19:35:39","slug":"gedenkwand","status":"publish","type":"page","link":"https:\/\/kz-gedenkstaette-hailfingen-tailfingen.de\/index.php\/gedenkwand\/","title":{"rendered":"Gedenkwand"},"content":{"rendered":"\n<div class=\"wp-block-image\"><figure class=\"aligncenter size-large\"><img loading=\"lazy\" width=\"1024\" height=\"576\" src=\"https:\/\/kz-gedenkstaette-hailfingen-tailfingen.de\/wp-content\/uploads\/2022\/06\/MVI_9598.MOV_snapshot_05.09.558-kl-1024x576.jpg\" alt=\"\" class=\"wp-image-1640\" srcset=\"https:\/\/kz-gedenkstaette-hailfingen-tailfingen.de\/wp-content\/uploads\/2022\/06\/MVI_9598.MOV_snapshot_05.09.558-kl-1024x576.jpg 1024w, https:\/\/kz-gedenkstaette-hailfingen-tailfingen.de\/wp-content\/uploads\/2022\/06\/MVI_9598.MOV_snapshot_05.09.558-kl-300x169.jpg 300w, https:\/\/kz-gedenkstaette-hailfingen-tailfingen.de\/wp-content\/uploads\/2022\/06\/MVI_9598.MOV_snapshot_05.09.558-kl-768x432.jpg 768w, https:\/\/kz-gedenkstaette-hailfingen-tailfingen.de\/wp-content\/uploads\/2022\/06\/MVI_9598.MOV_snapshot_05.09.558-kl.jpg 1232w\" sizes=\"(max-width: 1024px) 100vw, 1024px\" \/><figcaption><font color=\"black\">Die Denk-Pfeiler mit Gedenkwand f\u00fcr die griechischen Zwangsarbeiter \u2013 Foto: J. Kuhn<\/font><\/figcaption><\/figure><\/div>\n\n\n\n<p><strong>K\u00fcnsterische Gestaltung: Ralf Ehmann<br>Griechische Transkription der Namen: Manfred Krzok<\/strong><\/p>\n\n\n\n<p>Das Mahnmal wurde von der Landeszentrale f\u00fcr politische Bildung Baden-W\u00fcrttemberg gef\u00f6rdert; <br>die Namensschilder wurden von B\u00fcrgerinnen und B\u00fcrgern finanziert.<\/p>\n\n\n\n<figure class=\"wp-block-image size-large\"><img loading=\"lazy\" width=\"300\" height=\"100\" src=\"https:\/\/kz-gedenkstaette-hailfingen-tailfingen.de\/wp-content\/uploads\/2022\/07\/lpb_Logo_4c_2Z-kl-1.png\" alt=\"\" class=\"wp-image-1705\"\/><\/figure>\n\n\n\n<p><br><strong>Die griechischen Zwangsarbeiter<\/strong><\/p>\n\n\n\n<p>Im Sommer 1944 sollte der Ausweichflugplatz bzw. \u201eEinsatzhafen\u201c Hailfingen zum Nachtj\u00e4gerflugplatz ausgebaut werden. Als Arbeitskr\u00e4fte setzten die Luftwaffe und die beteiligten Baufirmen verschiedene Gruppen von Kriegsgefangenen und Zwangsarbeitern ein, die auf dem Flugplatz untergebracht wurden. In dem nun entstehenden Lagerkomplex belegte die leitende Organisation Todt vier Baracken am n\u00f6rdlichen Rand des Platzes. Daneben stand ein umz\u00e4unter Hangar, in dem von September bis November 1944 382 aus Athen verschleppte Zwangsarbeiter und anschlie\u00dfend 601 j\u00fcdische KZ-H\u00e4ftlinge untergebracht waren. Ein weiteres von Stacheldraht umgebenes Lager war f\u00fcr ein Arbeitskommando von etwa 100 sowjetischen Kriegsgefangene eingerichtet worden. Ab Januar 1945 kamen etwa 300 Angeh\u00f6rige der britischen Armee aus Indien, die in Nordafrika von den Italienern gefangen und nach der Kapitulation 1943 in deutsche Stalags und von dort nach Hailfingen transportiert wurden.<\/p>\n\n\n\n<p>1040 Griechen (unter ihnen ca. ein Drittel armenischer Herkunft), Gesch\u00e4ftsleute, Arbeiter, Taxifahrer, Studenten, zwischen 14 und 60 Jahre alt, meist aus den \u201eroten\u201c Stadtvierteln Athens, Dourguti und Vyronas, wurden am 7. und 9. August 1944 bei blutigen Razzien von der SS und griechischen Sicherheitsbataillonen aufgegriffen und in das KZ Chaidari bei Athen verschleppt. Am 16.8.1944 wurden sie ins Deutsche Reich transportiert.<\/p>\n\n\n\n<p>382 Zwangsarbeiter aus diesem Transport kamen auf den Nachtj\u00e4gerflugplatz Hailfingen, wo sie bei Bauarbeiten eingesetzt wurden, und von dort auf andere Milit\u00e4rflugpl\u00e4tze. Eine Gruppe von etwa 200 kam in das Untertageprojekt Hecht\/Rubin in Geislingen an der Steige, eine Gruppe in das Untertageprojekt Steinbutt nach Stetten bei Haigerloch, andere sollten im Raum Mannheim Anlagen der Reichsbahn in Stand halten und reparieren.<\/p>\n\n\n\n<p>Drei griechische Zwangsarbeiter starben in Hailfingen: Stylianos Vasillakis am 24. September 1944. Athanasios Zotas am 8. Oktober 1944. Mikirditsch Sachakian starb Ende Januar 1945 im Krankenhaus in T\u00fcbingen. Die Namen der H\u00e4ftlinge, von denen wir herausgefunden haben, dass sie in Tailfingen waren (Stand 2022), sind auf der Mauer festgehalten.<\/p>\n\n\n\n<p>Michail Angelidis<\/p>\n\n\n\n<p>Sarkis Avakian<\/p>\n\n\n\n<p>Dimitrios Angelelis<\/p>\n\n\n\n<p>Panagiotis Adamakopoulos<\/p>\n\n\n\n<p>Sarkis Anakisian<\/p>\n\n\n\n<p>Michail Andreatos<\/p>\n\n\n\n<p>Ioannis Andrias<\/p>\n\n\n\n<p>Alexandros Andreatos<\/p>\n\n\n\n<p>Stylianos Vassilakis<\/p>\n\n\n\n<p>Ioannis Ioannis<\/p>\n\n\n\n<p>Konstantinos Vlachos<\/p>\n\n\n\n<p>Spiros Vouros<\/p>\n\n\n\n<p>Karabet Gevotian<\/p>\n\n\n\n<p>Ioannis Goutas<\/p>\n\n\n\n<p>Ilias Dimou<\/p>\n\n\n\n<p>Nikolaos Diplaris<\/p>\n\n\n\n<p>Ioannis Dondoros<\/p>\n\n\n\n<p>Georgios Despotopoulos<\/p>\n\n\n\n<p>Petros Darmis<\/p>\n\n\n\n<p>Manouk Ezegelian<\/p>\n\n\n\n<p>Krikor Enfietzian<\/p>\n\n\n\n<p>Spiros Eleftheriadis<\/p>\n\n\n\n<p>Angelos Eleftheriou<\/p>\n\n\n\n<p>Iakovos Sackarian<\/p>\n\n\n\n<p>Georgios Sallidis<\/p>\n\n\n\n<p>Kevork Senopian<\/p>\n\n\n\n<p>Ilias Sissis<\/p>\n\n\n\n<p>Panagiotis Zourdos<\/p>\n\n\n\n<p>Athanasios Zotas<\/p>\n\n\n\n<p>Krikor Karabetian<\/p>\n\n\n\n<p>Evangelos Kioranastassiou<\/p>\n\n\n\n<p>Krikor Kogomian<\/p>\n\n\n\n<p>Sotirios Kounenis<\/p>\n\n\n\n<p>Ioannis Kritikos<\/p>\n\n\n\n<p>Ochanes Michaelian<\/p>\n\n\n\n<p>Ochanes Baroutian<\/p>\n\n\n\n<p>Ioannis Bournias<\/p>\n\n\n\n<p>Agop Deravendissian<\/p>\n\n\n\n<p>Agamemnon Pagoulatos<\/p>\n\n\n\n<p>Georgios Paschalidis<\/p>\n\n\n\n<p>Ioannis Pestimatzoglou<\/p>\n\n\n\n<p>Vassilios Rodokanakis<\/p>\n\n\n\n<p>Georgios Rodokanakis<\/p>\n\n\n\n<p>Dimitrios Rodopoulos<\/p>\n\n\n\n<p>Panagiotis Sardelis<\/p>\n\n\n\n<p>Mikirditsch Sachakian<\/p>\n\n\n\n<p>Stelios Serafidis<\/p>\n\n\n\n<p>Jeprem Sertsogian<\/p>\n\n\n\n<p>Dimitrios Skarlatos<\/p>\n\n\n\n<p>Nikos Skaltsas<\/p>\n\n\n\n<p>Ioannis Spiridis<\/p>\n\n\n\n<p>Donatos Stavropoulos<\/p>\n\n\n\n<p>Stamatios Stavrakakis<\/p>\n\n\n\n<p>Konstantinos Sotiriou<\/p>\n\n\n\n<p>Armenak Tavetian<\/p>\n\n\n\n<p>Eduardos Rock-Tabarowski<\/p>\n\n\n\n<p>Karabet Tzevachirtzian<\/p>\n\n\n\n<p>David Tzeretzian<\/p>\n\n\n\n<p>Stepan Tokatlian<\/p>\n\n\n\n<p>Dimitrios Topousis<\/p>\n\n\n\n<p>Stavros Treklis<\/p>\n\n\n\n<p>Angelos Triandafyllakos<\/p>\n\n\n\n<p>Dimitrios Tsatsomiros<\/p>\n\n\n\n<p>Adamantios Tsichlas<\/p>\n\n\n\n<p>Kirkor Tsobanian<\/p>\n\n\n\n<p>Vassilios Fatouros<\/p>\n\n\n\n<p>Apostolos Filippatos<\/p>\n\n\n\n<p>Georgios Fountotos<\/p>\n\n\n\n<p>Georgios Fotinos<\/p>\n\n\n\n<p>Chaik Chairabetian<\/p>\n\n\n\n<p>Miran Chanegian<\/p>\n\n\n\n<p>Georgios Charalabakis<\/p>\n\n\n\n<p>Georgios Chortis<\/p>\n\n\n\n<p>Konstantinos Psillas<\/p>\n\n\n\n<p>Weitere Informationen zum Erinnerungsort <a href=\"https:\/\/kz-gedenkstaette-hailfingen-tailfingen.de\/index.php\/denk-pfeiler\/\">Denk-Pfeiler<\/a><\/p>\n","protected":false},"excerpt":{"rendered":"<p>K\u00fcnsterische Gestaltung: Ralf EhmannGriechische Transkription der Namen: Manfred Krzok Das Mahnmal wurde von der Landeszentrale f\u00fcr politische Bildung Baden-W\u00fcrttemberg gef\u00f6rdert; die Namensschilder wurden von B\u00fcrgerinnen und B\u00fcrgern finanziert. Die griechischen Zwangsarbeiter Im Sommer 1944 sollte der Ausweichflugplatz bzw. \u201eEinsatzhafen\u201c Hailfingen zum Nachtj\u00e4gerflugplatz ausgebaut werden. Als Arbeitskr\u00e4fte setzten die Luftwaffe und die beteiligten Baufirmen verschiedene Gruppen [&hellip;]<\/p>\n","protected":false},"author":1,"featured_media":0,"parent":0,"menu_order":0,"comment_status":"closed","ping_status":"closed","template":"","meta":[],"_links":{"self":[{"href":"https:\/\/kz-gedenkstaette-hailfingen-tailfingen.de\/index.php\/wp-json\/wp\/v2\/pages\/1703"}],"collection":[{"href":"https:\/\/kz-gedenkstaette-hailfingen-tailfingen.de\/index.php\/wp-json\/wp\/v2\/pages"}],"about":[{"href":"https:\/\/kz-gedenkstaette-hailfingen-tailfingen.de\/index.php\/wp-json\/wp\/v2\/types\/page"}],"author":[{"embeddable":true,"href":"https:\/\/kz-gedenkstaette-hailfingen-tailfingen.de\/index.php\/wp-json\/wp\/v2\/users\/1"}],"replies":[{"embeddable":true,"href":"https:\/\/kz-gedenkstaette-hailfingen-tailfingen.de\/index.php\/wp-json\/wp\/v2\/comments?post=1703"}],"version-history":[{"count":6,"href":"https:\/\/kz-gedenkstaette-hailfingen-tailfingen.de\/index.php\/wp-json\/wp\/v2\/pages\/1703\/revisions"}],"predecessor-version":[{"id":1714,"href":"https:\/\/kz-gedenkstaette-hailfingen-tailfingen.de\/index.php\/wp-json\/wp\/v2\/pages\/1703\/revisions\/1714"}],"wp:attachment":[{"href":"https:\/\/kz-gedenkstaette-hailfingen-tailfingen.de\/index.php\/wp-json\/wp\/v2\/media?parent=1703"}],"curies":[{"name":"wp","href":"https:\/\/api.w.org\/{rel}","templated":true}]}}